{"id":54,"date":"2020-10-12T17:31:19","date_gmt":"2020-10-12T17:31:19","guid":{"rendered":"https:\/\/escuela-de-enfermeria.mx\/chihuahua\/?page_id=54"},"modified":"2023-09-22T17:22:20","modified_gmt":"2023-09-22T17:22:20","slug":"vinculacion-academica","status":"publish","type":"page","link":"https:\/\/escuela-de-enfermeria.mx\/chihuahua\/vinculacion-academica\/","title":{"rendered":"Vinculaci\u00f3n Acad\u00e9mica"},"content":{"rendered":"\n<div style=\"height:100px\" aria-hidden=\"true\" class=\"wp-block-spacer\"><\/div>\n\n\n\n\n\t<section class=\"floater section_simple_block_4 padBottomMed\">\n\n\t\t<div class=\"content-center\">\n\t\t\t<div class=\"simple_block_4_titulo\">\n\t\t\t\t<h2 class=\"title_default\">Vinculaci\u00f3n con hospitales<\/h2>\n\t\t\t<\/div>\n\t\t\t<div class=\"simple_block_4_contenido content_format_space\">\n\t\t\t\t<p>El grupo Christus Muguerza tiene gran impacto en la formaci\u00f3n integral de los estudiantes, y los programas educativos deben estar en una constante revisi\u00f3n de sus contenidos para ofrecer realmente aquello que demanda la sociedad  apoyando las bolsas universitarias de trabajo y cosechando capital humano para sus instituciones.<\/p>\n\t\t\t<\/div>\t\n\t\t<\/div>\n\t\t\n\t<\/section>\n\n\t\n\n\n\n\t<section class=\"floater section_simple_block_4 padBottomMed\">\n\n\t\t<div class=\"content-center\">\n\t\t\t<div class=\"simple_block_4_titulo\">\n\t\t\t\t<h2 class=\"title_default\">\u00bfD\u00f3nde puedes trabajar?<\/h2>\n\t\t\t<\/div>\n\t\t\t<div class=\"simple_block_4_contenido content_format_space\">\n\t\t\t\t<p>El ser egresado de la escuela Christus Muguerza del Parque te convierte en un profesional con una gran gama de oportunidades de empleo, desde el primer nivel de atenci\u00f3n, hospitales de segundo y tercer nivel y hospitales de especialidad; adem\u00e1s de tener la oportunidad de hacerlo en todos los hospitales de la rep\u00fablica mexicana.<\/p>\n\t\t\t<\/div>\t\n\t\t<\/div>\n\t\t\n\t<\/section>\n\n\t\n\n\n\n\t<section class=\"floater section_simple_block_4 padBottomMed\">\n\n\t\t<div class=\"content-center\">\n\t\t\t<div class=\"simple_block_4_titulo\">\n\t\t\t\t<h2 class=\"title_default\">\u00bfPor qu\u00e9 nosotros?<\/h2>\n\t\t\t<\/div>\n\t\t\t<div class=\"simple_block_4_contenido content_format_space\">\n\t\t\t\t<p>Al estudiar en la Escuela de Enfermer\u00eda Christus Muguerza tienes la seguridad de ser un egresado responsable, consiente, disciplinado, con valores, \u00e9tica profesional y calidad humana; tenemos incorporaci\u00f3n a la Universidad Aut\u00f3noma de Chihuahua. Somos la mejor Escuela formadora de profesionales en la salud, ofreciendo a nuestros alumnos (as) materias extracurriculares para una formaci\u00f3n Integral y calidad educativa, adem\u00e1s de Campo Cl\u00ednico Id\u00f3neo<\/p>\n\t\t\t<\/div>\t\n\t\t<\/div>\n\t\t\n\t<\/section>\n\n\t\n\n\n\n\t<section class=\"floater section_simple_block_4 padBottomMed\">\n\n\t\t<div class=\"content-center\">\n\t\t\t<div class=\"simple_block_4_titulo\">\n\t\t\t\t<h2 class=\"title_default\">Estudiante-Colaborador<\/h2>\n\t\t\t<\/div>\n\t\t\t<div class=\"simple_block_4_contenido content_format_space\">\n\t\t\t\t<p>La escuela Christus Muguerza del Parque ofrece a sus estudiantes un programa de pr\u00e1cticas profesionales, el cual te impulsa a ser parte del capital humano de las instituciones pertenecientes al grupo Christus Muguerza.<\/p>\n\t\t\t<\/div>\t\n\t\t<\/div>\n\t\t\n\t<\/section>\n\n\t\n\n\n\n\t<section class=\"floater section_simple_block_4 padBottomMed\">\n\n\t\t<div class=\"content-center\">\n\t\t\t<div class=\"simple_block_4_titulo\">\n\t\t\t\t<h2 class=\"title_default\">Pr\u00e1cticas profesionales<\/h2>\n\t\t\t<\/div>\n\t\t\t<div class=\"simple_block_4_contenido content_format_space\">\n\t\t\t\t<p>Desde el segundo semestre de la carrera de enfermer\u00eda general, los alumnos realizan pr\u00e1cticas en diferentes instituciones tanto privadas como p\u00fablicas para un mejor desarrollo de habilidades aprendidas en el periodo de teor\u00eda, las instituciones donde se realiza la pr\u00e1ctica cl\u00ednica propician una formaci\u00f3n integral al ubicar a los alumnos en una pr\u00e1ctica real, sin detrimento de la calidad en la prestaci\u00f3n de los servicios; esta misma garantiza una experiencia pr\u00e1ctica de alto nivel para los estudiantes de enfermer\u00eda, a modo de favorecer la integraci\u00f3n de conocimientos te\u00f3ricos con la pr\u00e1ctica y el desarrollo de habilidades<\/p>\n<p><span style=\"color: #671e75\">Algunas instituciones de rotaci\u00f3n cl\u00ednica son:<\/span><\/p>\n<ul>\n<li>Hospital Christus Muguerza del Parque<\/li>\n<li>Hospital general Dr. Salvador Zubiran Anchondo<\/li>\n<li>Hospital Central Universitario.<\/li>\n<li>Hospital de salud Mental<\/li>\n<li>Hospital infantil de especialidades de Chihuahua.<\/li>\n<li>Hospital general Presidente L\u00e1zaro C\u00e1rdenas ISSSTE<\/li>\n<li>Centros comunitarios de primer nivel de atenci\u00f3n.<\/li>\n<\/ul>\n\t\t\t<\/div>\t\n\t\t<\/div>\n\t\t\n\t<\/section>\n\n\t","protected":false},"excerpt":{"rendered":"","protected":false},"author":1,"featured_media":508,"parent":0,"menu_order":0,"comment_status":"closed","ping_status":"closed","template":"","meta":{"_acf_changed":false,"footnotes":""},"class_list":["post-54","page","type-page","status-publish","has-post-thumbnail","hentry"],"acf":[],"yoast_head":"<!-- This site is optimized with the Yoast SEO plugin v27.6 - https:\/\/yoast.com\/product\/yoast-seo-wordpress\/ -->\n<title>Vinculaci\u00f3n Acad\u00e9mica - Escuela de Enfermer\u00eda Christus Muguerza-UDEM Chihuahua<\/title>\n<meta name=\"robots\" content=\"index, follow, max-snippet:-1, max-image-preview:large, max-video-preview:-1\" \/>\n<link rel=\"canonical\" href=\"https:\/\/escuela-de-enfermeria.mx\/chihuahua\/vinculacion-academica\/\" \/>\n<meta property=\"og:locale\" content=\"es_MX\" \/>\n<meta property=\"og:type\" content=\"article\" \/>\n<meta property=\"og:title\" content=\"Vinculaci\u00f3n Acad\u00e9mica - Escuela de Enfermer\u00eda Christus Muguerza-UDEM Chihuahua\" \/>\n<meta property=\"og:url\" content=\"https:\/\/escuela-de-enfermeria.mx\/chihuahua\/vinculacion-academica\/\" \/>\n<meta property=\"og:site_name\" content=\"Escuela de Enfermer\u00eda Christus Muguerza-UDEM Chihuahua\" \/>\n<meta property=\"article:modified_time\" content=\"2023-09-22T17:22:20+00:00\" \/>\n<meta property=\"og:image\" content=\"https:\/\/escuela-de-enfermeria.mx\/chihuahua\/wp-content\/uploads\/sites\/3\/2023\/09\/banner-web-ch-04.jpg\" \/>\n\t<meta property=\"og:image:width\" content=\"2560\" \/>\n\t<meta property=\"og:image:height\" content=\"462\" \/>\n\t<meta property=\"og:image:type\" content=\"image\/jpeg\" \/>\n<meta name=\"twitter:card\" content=\"summary_large_image\" \/>\n<script type=\"application\/ld+json\" class=\"yoast-schema-graph\">{\"@context\":\"https:\\\/\\\/schema.org\",\"@graph\":[{\"@type\":\"WebPage\",\"@id\":\"https:\\\/\\\/escuela-de-enfermeria.mx\\\/chihuahua\\\/vinculacion-academica\\\/\",\"url\":\"https:\\\/\\\/escuela-de-enfermeria.mx\\\/chihuahua\\\/vinculacion-academica\\\/\",\"name\":\"Vinculaci\u00f3n Acad\u00e9mica - Escuela de Enfermer\u00eda Christus Muguerza-UDEM Chihuahua\",\"isPartOf\":{\"@id\":\"https:\\\/\\\/escuela-de-enfermeria.mx\\\/chihuahua\\\/#website\"},\"primaryImageOfPage\":{\"@id\":\"https:\\\/\\\/escuela-de-enfermeria.mx\\\/chihuahua\\\/vinculacion-academica\\\/#primaryimage\"},\"image\":{\"@id\":\"https:\\\/\\\/escuela-de-enfermeria.mx\\\/chihuahua\\\/vinculacion-academica\\\/#primaryimage\"},\"thumbnailUrl\":\"https:\\\/\\\/escuela-de-enfermeria.mx\\\/chihuahua\\\/wp-content\\\/uploads\\\/sites\\\/3\\\/2023\\\/09\\\/banner-web-ch-04.jpg\",\"datePublished\":\"2020-10-12T17:31:19+00:00\",\"dateModified\":\"2023-09-22T17:22:20+00:00\",\"breadcrumb\":{\"@id\":\"https:\\\/\\\/escuela-de-enfermeria.mx\\\/chihuahua\\\/vinculacion-academica\\\/#breadcrumb\"},\"inLanguage\":\"es\",\"potentialAction\":[{\"@type\":\"ReadAction\",\"target\":[\"https:\\\/\\\/escuela-de-enfermeria.mx\\\/chihuahua\\\/vinculacion-academica\\\/\"]}]},{\"@type\":\"ImageObject\",\"inLanguage\":\"es\",\"@id\":\"https:\\\/\\\/escuela-de-enfermeria.mx\\\/chihuahua\\\/vinculacion-academica\\\/#primaryimage\",\"url\":\"https:\\\/\\\/escuela-de-enfermeria.mx\\\/chihuahua\\\/wp-content\\\/uploads\\\/sites\\\/3\\\/2023\\\/09\\\/banner-web-ch-04.jpg\",\"contentUrl\":\"https:\\\/\\\/escuela-de-enfermeria.mx\\\/chihuahua\\\/wp-content\\\/uploads\\\/sites\\\/3\\\/2023\\\/09\\\/banner-web-ch-04.jpg\",\"width\":2560,\"height\":462},{\"@type\":\"BreadcrumbList\",\"@id\":\"https:\\\/\\\/escuela-de-enfermeria.mx\\\/chihuahua\\\/vinculacion-academica\\\/#breadcrumb\",\"itemListElement\":[{\"@type\":\"ListItem\",\"position\":1,\"name\":\"Inicio\",\"item\":\"https:\\\/\\\/escuela-de-enfermeria.mx\\\/chihuahua\\\/\"},{\"@type\":\"ListItem\",\"position\":2,\"name\":\"Vinculaci\u00f3n Acad\u00e9mica\"}]},{\"@type\":\"WebSite\",\"@id\":\"https:\\\/\\\/escuela-de-enfermeria.mx\\\/chihuahua\\\/#website\",\"url\":\"https:\\\/\\\/escuela-de-enfermeria.mx\\\/chihuahua\\\/\",\"name\":\"Escuela de Enfermer\u00eda Christus Muguerza-UDEM Chihuahua\",\"description\":\"Otro sitio m\u00e1s de Escuela de Enfermer\u00eda Christus Muguerza-UDEM\",\"potentialAction\":[{\"@type\":\"SearchAction\",\"target\":{\"@type\":\"EntryPoint\",\"urlTemplate\":\"https:\\\/\\\/escuela-de-enfermeria.mx\\\/chihuahua\\\/?s={search_term_string}\"},\"query-input\":{\"@type\":\"PropertyValueSpecification\",\"valueRequired\":true,\"valueName\":\"search_term_string\"}}],\"inLanguage\":\"es\"}]}<\/script>\n<!-- \/ Yoast SEO plugin. -->","yoast_head_json":{"title":"Vinculaci\u00f3n Acad\u00e9mica - Escuela de Enfermer\u00eda Christus Muguerza-UDEM Chihuahua","robots":{"index":"index","follow":"follow","max-snippet":"max-snippet:-1","max-image-preview":"max-image-preview:large","max-video-preview":"max-video-preview:-1"},"canonical":"https:\/\/escuela-de-enfermeria.mx\/chihuahua\/vinculacion-academica\/","og_locale":"es_MX","og_type":"article","og_title":"Vinculaci\u00f3n Acad\u00e9mica - Escuela de Enfermer\u00eda Christus Muguerza-UDEM Chihuahua","og_url":"https:\/\/escuela-de-enfermeria.mx\/chihuahua\/vinculacion-academica\/","og_site_name":"Escuela de Enfermer\u00eda Christus Muguerza-UDEM Chihuahua","article_modified_time":"2023-09-22T17:22:20+00:00","og_image":[{"width":2560,"height":462,"url":"https:\/\/escuela-de-enfermeria.mx\/chihuahua\/wp-content\/uploads\/sites\/3\/2023\/09\/banner-web-ch-04.jpg","type":"image\/jpeg"}],"twitter_card":"summary_large_image","schema":{"@context":"https:\/\/schema.org","@graph":[{"@type":"WebPage","@id":"https:\/\/escuela-de-enfermeria.mx\/chihuahua\/vinculacion-academica\/","url":"https:\/\/escuela-de-enfermeria.mx\/chihuahua\/vinculacion-academica\/","name":"Vinculaci\u00f3n Acad\u00e9mica - Escuela de Enfermer\u00eda Christus Muguerza-UDEM Chihuahua","isPartOf":{"@id":"https:\/\/escuela-de-enfermeria.mx\/chihuahua\/#website"},"primaryImageOfPage":{"@id":"https:\/\/escuela-de-enfermeria.mx\/chihuahua\/vinculacion-academica\/#primaryimage"},"image":{"@id":"https:\/\/escuela-de-enfermeria.mx\/chihuahua\/vinculacion-academica\/#primaryimage"},"thumbnailUrl":"https:\/\/escuela-de-enfermeria.mx\/chihuahua\/wp-content\/uploads\/sites\/3\/2023\/09\/banner-web-ch-04.jpg","datePublished":"2020-10-12T17:31:19+00:00","dateModified":"2023-09-22T17:22:20+00:00","breadcrumb":{"@id":"https:\/\/escuela-de-enfermeria.mx\/chihuahua\/vinculacion-academica\/#breadcrumb"},"inLanguage":"es","potentialAction":[{"@type":"ReadAction","target":["https:\/\/escuela-de-enfermeria.mx\/chihuahua\/vinculacion-academica\/"]}]},{"@type":"ImageObject","inLanguage":"es","@id":"https:\/\/escuela-de-enfermeria.mx\/chihuahua\/vinculacion-academica\/#primaryimage","url":"https:\/\/escuela-de-enfermeria.mx\/chihuahua\/wp-content\/uploads\/sites\/3\/2023\/09\/banner-web-ch-04.jpg","contentUrl":"https:\/\/escuela-de-enfermeria.mx\/chihuahua\/wp-content\/uploads\/sites\/3\/2023\/09\/banner-web-ch-04.jpg","width":2560,"height":462},{"@type":"BreadcrumbList","@id":"https:\/\/escuela-de-enfermeria.mx\/chihuahua\/vinculacion-academica\/#breadcrumb","itemListElement":[{"@type":"ListItem","position":1,"name":"Inicio","item":"https:\/\/escuela-de-enfermeria.mx\/chihuahua\/"},{"@type":"ListItem","position":2,"name":"Vinculaci\u00f3n Acad\u00e9mica"}]},{"@type":"WebSite","@id":"https:\/\/escuela-de-enfermeria.mx\/chihuahua\/#website","url":"https:\/\/escuela-de-enfermeria.mx\/chihuahua\/","name":"Escuela de Enfermer\u00eda Christus Muguerza-UDEM Chihuahua","description":"Otro sitio m\u00e1s de Escuela de Enfermer\u00eda Christus Muguerza-UDEM","potentialAction":[{"@type":"SearchAction","target":{"@type":"EntryPoint","urlTemplate":"https:\/\/escuela-de-enfermeria.mx\/chihuahua\/?s={search_term_string}"},"query-input":{"@type":"PropertyValueSpecification","valueRequired":true,"valueName":"search_term_string"}}],"inLanguage":"es"}]}},"_links":{"self":[{"href":"https:\/\/escuela-de-enfermeria.mx\/chihuahua\/wp-json\/wp\/v2\/pages\/54","targetHints":{"allow":["GET"]}}],"collection":[{"href":"https:\/\/escuela-de-enfermeria.mx\/chihuahua\/wp-json\/wp\/v2\/pages"}],"about":[{"href":"https:\/\/escuela-de-enfermeria.mx\/chihuahua\/wp-json\/wp\/v2\/types\/page"}],"author":[{"embeddable":true,"href":"https:\/\/escuela-de-enfermeria.mx\/chihuahua\/wp-json\/wp\/v2\/users\/1"}],"replies":[{"embeddable":true,"href":"https:\/\/escuela-de-enfermeria.mx\/chihuahua\/wp-json\/wp\/v2\/comments?post=54"}],"version-history":[{"count":4,"href":"https:\/\/escuela-de-enfermeria.mx\/chihuahua\/wp-json\/wp\/v2\/pages\/54\/revisions"}],"predecessor-version":[{"id":519,"href":"https:\/\/escuela-de-enfermeria.mx\/chihuahua\/wp-json\/wp\/v2\/pages\/54\/revisions\/519"}],"wp:featuredmedia":[{"embeddable":true,"href":"https:\/\/escuela-de-enfermeria.mx\/chihuahua\/wp-json\/wp\/v2\/media\/508"}],"wp:attachment":[{"href":"https:\/\/escuela-de-enfermeria.mx\/chihuahua\/wp-json\/wp\/v2\/media?parent=54"}],"curies":[{"name":"wp","href":"https:\/\/api.w.org\/{rel}","templated":true}]}}