{"id":56,"date":"2020-10-12T17:31:30","date_gmt":"2020-10-12T17:31:30","guid":{"rendered":"https:\/\/escuela-de-enfermeria.mx\/chihuahua\/?page_id=56"},"modified":"2023-09-22T17:18:45","modified_gmt":"2023-09-22T17:18:45","slug":"beca","status":"publish","type":"page","link":"https:\/\/escuela-de-enfermeria.mx\/chihuahua\/beca\/","title":{"rendered":"Beca"},"content":{"rendered":"\n<h2 class=\"wp-block-heading\">Tipos de beca<\/h2>\n\n\n\n<h3 class=\"wp-block-heading has-brand-1-color has-text-color\">Promedio acad\u00e9mico<\/h3>\n\n\n\n<p>Se apoya con un descuento sobre las mensualidades a los alumnos con promedio acad\u00e9mico arriba de 9.0 por parte de la UACH.<\/p>\n\n\n\n<h2 class=\"wp-block-heading\">Requisitos<\/h2>\n\n\n\n<ul class=\"wp-block-list\">\n<li>Ser estudiante de segundo semestre en adelante<\/li>\n\n\n\n<li>Llenar solicitud<\/li>\n\n\n\n<li>Croquis de como llegar a su domicilio<\/li>\n\n\n\n<li>Una fotograf\u00eda<\/li>\n\n\n\n<li>Copia de la boleta de calificaciones con promedio m\u00ednimo de<\/li>\n\n\n\n<li>9.0. Sin ex\u00e1menes extraordinarios en el semestre anterior.<\/li>\n\n\n\n<li>Copia de recibos de agua, luz y tel\u00e9fono (los tres)<\/li>\n\n\n\n<li>Copia de recibos de ingresos de las personas que sostienen econ\u00f3micamente a la familia (un mes)<\/li>\n\n\n\n<li>Presentar copia del recibo de colegiatura e inscripci\u00f3n del semestre anterior<\/li>\n\n\n\n<li>Acreditar estudio socioecon\u00f3mico<\/li>\n<\/ul>\n","protected":false},"excerpt":{"rendered":"<p>Tipos de beca Promedio acad\u00e9mico Se apoya con un descuento sobre las mensualidades a los alumnos con promedio acad\u00e9mico arriba [&hellip;]<\/p>\n","protected":false},"author":1,"featured_media":512,"parent":0,"menu_order":0,"comment_status":"closed","ping_status":"closed","template":"page-sidebar.php","meta":{"_acf_changed":false,"footnotes":""},"class_list":["post-56","page","type-page","status-publish","has-post-thumbnail","hentry"],"acf":[],"yoast_head":"<!-- This site is optimized with the Yoast SEO plugin v27.6 - https:\/\/yoast.com\/product\/yoast-seo-wordpress\/ -->\n<title>Beca - Escuela de Enfermer\u00eda Christus Muguerza-UDEM Chihuahua<\/title>\n<meta name=\"robots\" content=\"index, follow, max-snippet:-1, max-image-preview:large, max-video-preview:-1\" \/>\n<link rel=\"canonical\" href=\"https:\/\/escuela-de-enfermeria.mx\/chihuahua\/beca\/\" \/>\n<meta property=\"og:locale\" content=\"es_MX\" \/>\n<meta property=\"og:type\" content=\"article\" \/>\n<meta property=\"og:title\" content=\"Beca - Escuela de Enfermer\u00eda Christus Muguerza-UDEM Chihuahua\" \/>\n<meta property=\"og:description\" content=\"Tipos de beca Promedio acad\u00e9mico Se apoya con un descuento sobre las mensualidades a los alumnos con promedio acad\u00e9mico arriba [&hellip;]\" \/>\n<meta property=\"og:url\" content=\"https:\/\/escuela-de-enfermeria.mx\/chihuahua\/beca\/\" \/>\n<meta property=\"og:site_name\" content=\"Escuela de Enfermer\u00eda Christus Muguerza-UDEM Chihuahua\" \/>\n<meta property=\"article:modified_time\" content=\"2023-09-22T17:18:45+00:00\" \/>\n<meta property=\"og:image\" content=\"https:\/\/escuela-de-enfermeria.mx\/chihuahua\/wp-content\/uploads\/sites\/3\/2023\/09\/banner-web-ch-08.jpg\" \/>\n\t<meta property=\"og:image:width\" content=\"2560\" \/>\n\t<meta property=\"og:image:height\" content=\"462\" \/>\n\t<meta property=\"og:image:type\" content=\"image\/jpeg\" \/>\n<meta name=\"twitter:card\" content=\"summary_large_image\" \/>\n<meta name=\"twitter:label1\" content=\"Tiempo de lectura\" \/>\n\t<meta name=\"twitter:data1\" content=\"1 minuto\" \/>\n<script type=\"application\/ld+json\" class=\"yoast-schema-graph\">{\"@context\":\"https:\\\/\\\/schema.org\",\"@graph\":[{\"@type\":\"WebPage\",\"@id\":\"https:\\\/\\\/escuela-de-enfermeria.mx\\\/chihuahua\\\/beca\\\/\",\"url\":\"https:\\\/\\\/escuela-de-enfermeria.mx\\\/chihuahua\\\/beca\\\/\",\"name\":\"Beca - Escuela de Enfermer\u00eda Christus Muguerza-UDEM Chihuahua\",\"isPartOf\":{\"@id\":\"https:\\\/\\\/escuela-de-enfermeria.mx\\\/chihuahua\\\/#website\"},\"primaryImageOfPage\":{\"@id\":\"https:\\\/\\\/escuela-de-enfermeria.mx\\\/chihuahua\\\/beca\\\/#primaryimage\"},\"image\":{\"@id\":\"https:\\\/\\\/escuela-de-enfermeria.mx\\\/chihuahua\\\/beca\\\/#primaryimage\"},\"thumbnailUrl\":\"https:\\\/\\\/escuela-de-enfermeria.mx\\\/chihuahua\\\/wp-content\\\/uploads\\\/sites\\\/3\\\/2023\\\/09\\\/banner-web-ch-08.jpg\",\"datePublished\":\"2020-10-12T17:31:30+00:00\",\"dateModified\":\"2023-09-22T17:18:45+00:00\",\"breadcrumb\":{\"@id\":\"https:\\\/\\\/escuela-de-enfermeria.mx\\\/chihuahua\\\/beca\\\/#breadcrumb\"},\"inLanguage\":\"es\",\"potentialAction\":[{\"@type\":\"ReadAction\",\"target\":[\"https:\\\/\\\/escuela-de-enfermeria.mx\\\/chihuahua\\\/beca\\\/\"]}]},{\"@type\":\"ImageObject\",\"inLanguage\":\"es\",\"@id\":\"https:\\\/\\\/escuela-de-enfermeria.mx\\\/chihuahua\\\/beca\\\/#primaryimage\",\"url\":\"https:\\\/\\\/escuela-de-enfermeria.mx\\\/chihuahua\\\/wp-content\\\/uploads\\\/sites\\\/3\\\/2023\\\/09\\\/banner-web-ch-08.jpg\",\"contentUrl\":\"https:\\\/\\\/escuela-de-enfermeria.mx\\\/chihuahua\\\/wp-content\\\/uploads\\\/sites\\\/3\\\/2023\\\/09\\\/banner-web-ch-08.jpg\",\"width\":2560,\"height\":462},{\"@type\":\"BreadcrumbList\",\"@id\":\"https:\\\/\\\/escuela-de-enfermeria.mx\\\/chihuahua\\\/beca\\\/#breadcrumb\",\"itemListElement\":[{\"@type\":\"ListItem\",\"position\":1,\"name\":\"Inicio\",\"item\":\"https:\\\/\\\/escuela-de-enfermeria.mx\\\/chihuahua\\\/\"},{\"@type\":\"ListItem\",\"position\":2,\"name\":\"Beca\"}]},{\"@type\":\"WebSite\",\"@id\":\"https:\\\/\\\/escuela-de-enfermeria.mx\\\/chihuahua\\\/#website\",\"url\":\"https:\\\/\\\/escuela-de-enfermeria.mx\\\/chihuahua\\\/\",\"name\":\"Escuela de Enfermer\u00eda Christus Muguerza-UDEM Chihuahua\",\"description\":\"Otro sitio m\u00e1s de Escuela de Enfermer\u00eda Christus Muguerza-UDEM\",\"potentialAction\":[{\"@type\":\"SearchAction\",\"target\":{\"@type\":\"EntryPoint\",\"urlTemplate\":\"https:\\\/\\\/escuela-de-enfermeria.mx\\\/chihuahua\\\/?s={search_term_string}\"},\"query-input\":{\"@type\":\"PropertyValueSpecification\",\"valueRequired\":true,\"valueName\":\"search_term_string\"}}],\"inLanguage\":\"es\"}]}<\/script>\n<!-- \/ Yoast SEO plugin. -->","yoast_head_json":{"title":"Beca - Escuela de Enfermer\u00eda Christus Muguerza-UDEM Chihuahua","robots":{"index":"index","follow":"follow","max-snippet":"max-snippet:-1","max-image-preview":"max-image-preview:large","max-video-preview":"max-video-preview:-1"},"canonical":"https:\/\/escuela-de-enfermeria.mx\/chihuahua\/beca\/","og_locale":"es_MX","og_type":"article","og_title":"Beca - Escuela de Enfermer\u00eda Christus Muguerza-UDEM Chihuahua","og_description":"Tipos de beca Promedio acad\u00e9mico Se apoya con un descuento sobre las mensualidades a los alumnos con promedio acad\u00e9mico arriba [&hellip;]","og_url":"https:\/\/escuela-de-enfermeria.mx\/chihuahua\/beca\/","og_site_name":"Escuela de Enfermer\u00eda Christus Muguerza-UDEM Chihuahua","article_modified_time":"2023-09-22T17:18:45+00:00","og_image":[{"width":2560,"height":462,"url":"https:\/\/escuela-de-enfermeria.mx\/chihuahua\/wp-content\/uploads\/sites\/3\/2023\/09\/banner-web-ch-08.jpg","type":"image\/jpeg"}],"twitter_card":"summary_large_image","twitter_misc":{"Tiempo de lectura":"1 minuto"},"schema":{"@context":"https:\/\/schema.org","@graph":[{"@type":"WebPage","@id":"https:\/\/escuela-de-enfermeria.mx\/chihuahua\/beca\/","url":"https:\/\/escuela-de-enfermeria.mx\/chihuahua\/beca\/","name":"Beca - Escuela de Enfermer\u00eda Christus Muguerza-UDEM Chihuahua","isPartOf":{"@id":"https:\/\/escuela-de-enfermeria.mx\/chihuahua\/#website"},"primaryImageOfPage":{"@id":"https:\/\/escuela-de-enfermeria.mx\/chihuahua\/beca\/#primaryimage"},"image":{"@id":"https:\/\/escuela-de-enfermeria.mx\/chihuahua\/beca\/#primaryimage"},"thumbnailUrl":"https:\/\/escuela-de-enfermeria.mx\/chihuahua\/wp-content\/uploads\/sites\/3\/2023\/09\/banner-web-ch-08.jpg","datePublished":"2020-10-12T17:31:30+00:00","dateModified":"2023-09-22T17:18:45+00:00","breadcrumb":{"@id":"https:\/\/escuela-de-enfermeria.mx\/chihuahua\/beca\/#breadcrumb"},"inLanguage":"es","potentialAction":[{"@type":"ReadAction","target":["https:\/\/escuela-de-enfermeria.mx\/chihuahua\/beca\/"]}]},{"@type":"ImageObject","inLanguage":"es","@id":"https:\/\/escuela-de-enfermeria.mx\/chihuahua\/beca\/#primaryimage","url":"https:\/\/escuela-de-enfermeria.mx\/chihuahua\/wp-content\/uploads\/sites\/3\/2023\/09\/banner-web-ch-08.jpg","contentUrl":"https:\/\/escuela-de-enfermeria.mx\/chihuahua\/wp-content\/uploads\/sites\/3\/2023\/09\/banner-web-ch-08.jpg","width":2560,"height":462},{"@type":"BreadcrumbList","@id":"https:\/\/escuela-de-enfermeria.mx\/chihuahua\/beca\/#breadcrumb","itemListElement":[{"@type":"ListItem","position":1,"name":"Inicio","item":"https:\/\/escuela-de-enfermeria.mx\/chihuahua\/"},{"@type":"ListItem","position":2,"name":"Beca"}]},{"@type":"WebSite","@id":"https:\/\/escuela-de-enfermeria.mx\/chihuahua\/#website","url":"https:\/\/escuela-de-enfermeria.mx\/chihuahua\/","name":"Escuela de Enfermer\u00eda Christus Muguerza-UDEM Chihuahua","description":"Otro sitio m\u00e1s de Escuela de Enfermer\u00eda Christus Muguerza-UDEM","potentialAction":[{"@type":"SearchAction","target":{"@type":"EntryPoint","urlTemplate":"https:\/\/escuela-de-enfermeria.mx\/chihuahua\/?s={search_term_string}"},"query-input":{"@type":"PropertyValueSpecification","valueRequired":true,"valueName":"search_term_string"}}],"inLanguage":"es"}]}},"_links":{"self":[{"href":"https:\/\/escuela-de-enfermeria.mx\/chihuahua\/wp-json\/wp\/v2\/pages\/56","targetHints":{"allow":["GET"]}}],"collection":[{"href":"https:\/\/escuela-de-enfermeria.mx\/chihuahua\/wp-json\/wp\/v2\/pages"}],"about":[{"href":"https:\/\/escuela-de-enfermeria.mx\/chihuahua\/wp-json\/wp\/v2\/types\/page"}],"author":[{"embeddable":true,"href":"https:\/\/escuela-de-enfermeria.mx\/chihuahua\/wp-json\/wp\/v2\/users\/1"}],"replies":[{"embeddable":true,"href":"https:\/\/escuela-de-enfermeria.mx\/chihuahua\/wp-json\/wp\/v2\/comments?post=56"}],"version-history":[{"count":5,"href":"https:\/\/escuela-de-enfermeria.mx\/chihuahua\/wp-json\/wp\/v2\/pages\/56\/revisions"}],"predecessor-version":[{"id":517,"href":"https:\/\/escuela-de-enfermeria.mx\/chihuahua\/wp-json\/wp\/v2\/pages\/56\/revisions\/517"}],"wp:featuredmedia":[{"embeddable":true,"href":"https:\/\/escuela-de-enfermeria.mx\/chihuahua\/wp-json\/wp\/v2\/media\/512"}],"wp:attachment":[{"href":"https:\/\/escuela-de-enfermeria.mx\/chihuahua\/wp-json\/wp\/v2\/media?parent=56"}],"curies":[{"name":"wp","href":"https:\/\/api.w.org\/{rel}","templated":true}]}}