{"id":76,"date":"2020-10-12T17:38:01","date_gmt":"2020-10-12T17:38:01","guid":{"rendered":"https:\/\/escuela-de-enfermeria.mx\/chihuahua\/?page_id=76"},"modified":"2025-07-07T19:41:41","modified_gmt":"2025-07-07T19:41:41","slug":"informacion-general","status":"publish","type":"page","link":"https:\/\/escuela-de-enfermeria.mx\/chihuahua\/enfermeria-general\/informacion-general\/","title":{"rendered":"Informaci\u00f3n general"},"content":{"rendered":"\n<p>Creando profesionales con capacidad humana y cient\u00edfico t\u00e9cnica que participa en la identificaci\u00f3n an\u00e1lisis de las necesidades de la poblaci\u00f3n y en el fortalecimiento de sus potencialidades, as\u00ed como la prestaci\u00f3n de servicios, a trav\u00e9s del di\u00e1logo y la negociaci\u00f3n permanente, estimulando el dinamismo de la comunidad en los procesos de toma de decisiones para conservar la salud.<\/p>\n\n\n\n\n\t<section class=\"floater section_simple_block_4 padBottomMed\">\n\n\t\t<div class=\"content-center\">\n\t\t\t<div class=\"simple_block_4_titulo\">\n\t\t\t\t<h2 class=\"title_default\">Requisitos de Ingreso<\/h2>\n\t\t\t<\/div>\n\t\t\t<div class=\"simple_block_4_contenido content_format_space\">\n\t\t\t\t<p><!-- wp:paragraph --><\/p>\n<p>Para el ingreso es necesario contar con secundaria terminada, as\u00ed como certificado de la misma.<\/p>\n<p><!-- \/wp:paragraph --><\/p>\n\t\t\t<\/div>\t\n\t\t<\/div>\n\t\t\n\t<\/section>\n\n\t\n\n\n<p><strong>FECHAS IMPORTANTES<\/strong><\/p>\n\n\n\n<figure class=\"wp-block-table is-style-stripes\"><table><tbody><tr><td><strong>TR\u00c1MITE<\/strong><\/td><td><strong>FECHA<\/strong><\/td><\/tr><tr><td>Registro de fichas<\/td><td><strong>Pr\u00f3ximamente<\/strong><\/td><\/tr><tr><td>Fecha de examen<\/td><td><strong>Pr\u00f3ximamente<\/strong><\/td><\/tr><tr><td><strong>POSTERIORMENTE<\/strong><\/td><td><\/td><\/tr><tr><td>Inicio de Semestre<\/td><td><strong>Pr\u00f3ximamente<\/strong><\/td><\/tr><\/tbody><\/table><\/figure>\n\n\n\n<p><\/p>\n","protected":false},"excerpt":{"rendered":"<p>Creando profesionales con capacidad humana y cient\u00edfico t\u00e9cnica que participa en la identificaci\u00f3n an\u00e1lisis de las necesidades de la poblaci\u00f3n [&hellip;]<\/p>\n","protected":false},"author":1,"featured_media":0,"parent":64,"menu_order":0,"comment_status":"closed","ping_status":"closed","template":"page-sidebar.php","meta":{"_acf_changed":false,"footnotes":""},"class_list":["post-76","page","type-page","status-publish","hentry"],"acf":[],"yoast_head":"<!-- This site is optimized with the Yoast SEO plugin v27.6 - https:\/\/yoast.com\/product\/yoast-seo-wordpress\/ -->\n<title>Informaci\u00f3n general - Escuela de Enfermer\u00eda Christus Muguerza-UDEM Chihuahua<\/title>\n<meta name=\"robots\" content=\"index, follow, max-snippet:-1, max-image-preview:large, max-video-preview:-1\" \/>\n<link rel=\"canonical\" href=\"https:\/\/escuela-de-enfermeria.mx\/chihuahua\/enfermeria-general\/informacion-general\/\" \/>\n<meta property=\"og:locale\" content=\"es_MX\" \/>\n<meta property=\"og:type\" content=\"article\" \/>\n<meta property=\"og:title\" content=\"Informaci\u00f3n general - Escuela de Enfermer\u00eda Christus Muguerza-UDEM Chihuahua\" \/>\n<meta property=\"og:description\" content=\"Creando profesionales con capacidad humana y cient\u00edfico t\u00e9cnica que participa en la identificaci\u00f3n an\u00e1lisis de las necesidades de la poblaci\u00f3n [&hellip;]\" \/>\n<meta property=\"og:url\" content=\"https:\/\/escuela-de-enfermeria.mx\/chihuahua\/enfermeria-general\/informacion-general\/\" \/>\n<meta property=\"og:site_name\" content=\"Escuela de Enfermer\u00eda Christus Muguerza-UDEM Chihuahua\" \/>\n<meta property=\"article:modified_time\" content=\"2025-07-07T19:41:41+00:00\" \/>\n<meta name=\"twitter:card\" content=\"summary_large_image\" \/>\n<meta name=\"twitter:label1\" content=\"Tiempo de lectura\" \/>\n\t<meta name=\"twitter:data1\" content=\"1 minuto\" \/>\n<script type=\"application\/ld+json\" class=\"yoast-schema-graph\">{\"@context\":\"https:\\\/\\\/schema.org\",\"@graph\":[{\"@type\":\"WebPage\",\"@id\":\"https:\\\/\\\/escuela-de-enfermeria.mx\\\/chihuahua\\\/enfermeria-general\\\/informacion-general\\\/\",\"url\":\"https:\\\/\\\/escuela-de-enfermeria.mx\\\/chihuahua\\\/enfermeria-general\\\/informacion-general\\\/\",\"name\":\"Informaci\u00f3n general - Escuela de Enfermer\u00eda Christus Muguerza-UDEM Chihuahua\",\"isPartOf\":{\"@id\":\"https:\\\/\\\/escuela-de-enfermeria.mx\\\/chihuahua\\\/#website\"},\"datePublished\":\"2020-10-12T17:38:01+00:00\",\"dateModified\":\"2025-07-07T19:41:41+00:00\",\"breadcrumb\":{\"@id\":\"https:\\\/\\\/escuela-de-enfermeria.mx\\\/chihuahua\\\/enfermeria-general\\\/informacion-general\\\/#breadcrumb\"},\"inLanguage\":\"es\",\"potentialAction\":[{\"@type\":\"ReadAction\",\"target\":[\"https:\\\/\\\/escuela-de-enfermeria.mx\\\/chihuahua\\\/enfermeria-general\\\/informacion-general\\\/\"]}]},{\"@type\":\"BreadcrumbList\",\"@id\":\"https:\\\/\\\/escuela-de-enfermeria.mx\\\/chihuahua\\\/enfermeria-general\\\/informacion-general\\\/#breadcrumb\",\"itemListElement\":[{\"@type\":\"ListItem\",\"position\":1,\"name\":\"Inicio\",\"item\":\"https:\\\/\\\/escuela-de-enfermeria.mx\\\/chihuahua\\\/\"},{\"@type\":\"ListItem\",\"position\":2,\"name\":\"Enfermer\u00eda General\",\"item\":\"https:\\\/\\\/escuela-de-enfermeria.mx\\\/chihuahua\\\/enfermeria-general\\\/\"},{\"@type\":\"ListItem\",\"position\":3,\"name\":\"Informaci\u00f3n general\"}]},{\"@type\":\"WebSite\",\"@id\":\"https:\\\/\\\/escuela-de-enfermeria.mx\\\/chihuahua\\\/#website\",\"url\":\"https:\\\/\\\/escuela-de-enfermeria.mx\\\/chihuahua\\\/\",\"name\":\"Escuela de Enfermer\u00eda Christus Muguerza-UDEM Chihuahua\",\"description\":\"Otro sitio m\u00e1s de Escuela de Enfermer\u00eda Christus Muguerza-UDEM\",\"potentialAction\":[{\"@type\":\"SearchAction\",\"target\":{\"@type\":\"EntryPoint\",\"urlTemplate\":\"https:\\\/\\\/escuela-de-enfermeria.mx\\\/chihuahua\\\/?s={search_term_string}\"},\"query-input\":{\"@type\":\"PropertyValueSpecification\",\"valueRequired\":true,\"valueName\":\"search_term_string\"}}],\"inLanguage\":\"es\"}]}<\/script>\n<!-- \/ Yoast SEO plugin. -->","yoast_head_json":{"title":"Informaci\u00f3n general - Escuela de Enfermer\u00eda Christus Muguerza-UDEM Chihuahua","robots":{"index":"index","follow":"follow","max-snippet":"max-snippet:-1","max-image-preview":"max-image-preview:large","max-video-preview":"max-video-preview:-1"},"canonical":"https:\/\/escuela-de-enfermeria.mx\/chihuahua\/enfermeria-general\/informacion-general\/","og_locale":"es_MX","og_type":"article","og_title":"Informaci\u00f3n general - Escuela de Enfermer\u00eda Christus Muguerza-UDEM Chihuahua","og_description":"Creando profesionales con capacidad humana y cient\u00edfico t\u00e9cnica que participa en la identificaci\u00f3n an\u00e1lisis de las necesidades de la poblaci\u00f3n [&hellip;]","og_url":"https:\/\/escuela-de-enfermeria.mx\/chihuahua\/enfermeria-general\/informacion-general\/","og_site_name":"Escuela de Enfermer\u00eda Christus Muguerza-UDEM Chihuahua","article_modified_time":"2025-07-07T19:41:41+00:00","twitter_card":"summary_large_image","twitter_misc":{"Tiempo de lectura":"1 minuto"},"schema":{"@context":"https:\/\/schema.org","@graph":[{"@type":"WebPage","@id":"https:\/\/escuela-de-enfermeria.mx\/chihuahua\/enfermeria-general\/informacion-general\/","url":"https:\/\/escuela-de-enfermeria.mx\/chihuahua\/enfermeria-general\/informacion-general\/","name":"Informaci\u00f3n general - Escuela de Enfermer\u00eda Christus Muguerza-UDEM Chihuahua","isPartOf":{"@id":"https:\/\/escuela-de-enfermeria.mx\/chihuahua\/#website"},"datePublished":"2020-10-12T17:38:01+00:00","dateModified":"2025-07-07T19:41:41+00:00","breadcrumb":{"@id":"https:\/\/escuela-de-enfermeria.mx\/chihuahua\/enfermeria-general\/informacion-general\/#breadcrumb"},"inLanguage":"es","potentialAction":[{"@type":"ReadAction","target":["https:\/\/escuela-de-enfermeria.mx\/chihuahua\/enfermeria-general\/informacion-general\/"]}]},{"@type":"BreadcrumbList","@id":"https:\/\/escuela-de-enfermeria.mx\/chihuahua\/enfermeria-general\/informacion-general\/#breadcrumb","itemListElement":[{"@type":"ListItem","position":1,"name":"Inicio","item":"https:\/\/escuela-de-enfermeria.mx\/chihuahua\/"},{"@type":"ListItem","position":2,"name":"Enfermer\u00eda General","item":"https:\/\/escuela-de-enfermeria.mx\/chihuahua\/enfermeria-general\/"},{"@type":"ListItem","position":3,"name":"Informaci\u00f3n general"}]},{"@type":"WebSite","@id":"https:\/\/escuela-de-enfermeria.mx\/chihuahua\/#website","url":"https:\/\/escuela-de-enfermeria.mx\/chihuahua\/","name":"Escuela de Enfermer\u00eda Christus Muguerza-UDEM Chihuahua","description":"Otro sitio m\u00e1s de Escuela de Enfermer\u00eda Christus Muguerza-UDEM","potentialAction":[{"@type":"SearchAction","target":{"@type":"EntryPoint","urlTemplate":"https:\/\/escuela-de-enfermeria.mx\/chihuahua\/?s={search_term_string}"},"query-input":{"@type":"PropertyValueSpecification","valueRequired":true,"valueName":"search_term_string"}}],"inLanguage":"es"}]}},"_links":{"self":[{"href":"https:\/\/escuela-de-enfermeria.mx\/chihuahua\/wp-json\/wp\/v2\/pages\/76","targetHints":{"allow":["GET"]}}],"collection":[{"href":"https:\/\/escuela-de-enfermeria.mx\/chihuahua\/wp-json\/wp\/v2\/pages"}],"about":[{"href":"https:\/\/escuela-de-enfermeria.mx\/chihuahua\/wp-json\/wp\/v2\/types\/page"}],"author":[{"embeddable":true,"href":"https:\/\/escuela-de-enfermeria.mx\/chihuahua\/wp-json\/wp\/v2\/users\/1"}],"replies":[{"embeddable":true,"href":"https:\/\/escuela-de-enfermeria.mx\/chihuahua\/wp-json\/wp\/v2\/comments?post=76"}],"version-history":[{"count":14,"href":"https:\/\/escuela-de-enfermeria.mx\/chihuahua\/wp-json\/wp\/v2\/pages\/76\/revisions"}],"predecessor-version":[{"id":592,"href":"https:\/\/escuela-de-enfermeria.mx\/chihuahua\/wp-json\/wp\/v2\/pages\/76\/revisions\/592"}],"up":[{"embeddable":true,"href":"https:\/\/escuela-de-enfermeria.mx\/chihuahua\/wp-json\/wp\/v2\/pages\/64"}],"wp:attachment":[{"href":"https:\/\/escuela-de-enfermeria.mx\/chihuahua\/wp-json\/wp\/v2\/media?parent=76"}],"curies":[{"name":"wp","href":"https:\/\/api.w.org\/{rel}","templated":true}]}}