{"id":10,"date":"2020-09-30T21:38:03","date_gmt":"2020-09-30T21:38:03","guid":{"rendered":"https:\/\/escuela-de-enfermeria.mx\/monterrey\/?page_id=10"},"modified":"2026-03-24T15:18:01","modified_gmt":"2026-03-24T15:18:01","slug":"vinculacion","status":"publish","type":"page","link":"https:\/\/escuela-de-enfermeria.mx\/monterrey\/vinculacion\/","title":{"rendered":"Vinculaci\u00f3n Acad\u00e9mica"},"content":{"rendered":"\n<div style=\"height:100px\" aria-hidden=\"true\" class=\"wp-block-spacer\"><\/div>\n\n\n\n\n\t<section class=\"floater section_simple_block_4 padBottomMed\">\n\n\t\t<div class=\"content-center\">\n\t\t\t<div class=\"simple_block_4_titulo\">\n\t\t\t\t<h2 class=\"title_default\">Vinculaci\u00f3n con hospitales<\/h2>\n\t\t\t<\/div>\n\t\t\t<div class=\"simple_block_4_contenido content_format_space\">\n\t\t\t\t<p>El programa de vinculaci\u00f3n acad\u00e9mica e institucional, tiene como misi\u00f3n maximizar las oportunidades de pr\u00e1cticas profesionales y empleabilidad a los alumnos y ex-alumnos de la escuela de enfermer\u00eda CHRISTUS MUGUERZA, ofreci\u00e9ndoles recursos de vinculaci\u00f3n profesional, que les permitan competir en un entorno globalizado.<\/p>\n<p><a title=\"Vinculaci\u00f3n acad\u00e9mica con Macarena Moncada\" href=\"https:\/\/youtu.be\/QzLpadEeAQc\">Conoce m\u00e1s desde YouTube<\/a><\/p>\n\t\t\t<\/div>\t\n\t\t<\/div>\n\t\t\n\t<\/section>\n\n\t\n\n\n\n\t<section class=\"floater section_simple_block_4 padBottomMed\">\n\n\t\t<div class=\"content-center\">\n\t\t\t<div class=\"simple_block_4_titulo\">\n\t\t\t\t<h2 class=\"title_default\">\u00bfD\u00f3nde puedes trabajar?<\/h2>\n\t\t\t<\/div>\n\t\t\t<div class=\"simple_block_4_contenido content_format_space\">\n\t\t\t\t<p>Dentro de las diferentes unidades de Grupo CHRISTUS MUGUERZA, as\u00ed como como diversas instituciones privadas registradas en la bolsa de empleadores del departamento de vinculaci\u00f3n acad\u00e9mica e institucional.<\/p>\n\t\t\t<\/div>\t\n\t\t<\/div>\n\t\t\n\t<\/section>\n\n\t\n\n\n\n\t<section class=\"floater section_simple_block_4 padBottomMed\">\n\n\t\t<div class=\"content-center\">\n\t\t\t<div class=\"simple_block_4_titulo\">\n\t\t\t\t<h2 class=\"title_default\">\u00bfPor qu\u00e9 nosotros?<\/h2>\n\t\t\t<\/div>\n\t\t\t<div class=\"simple_block_4_contenido content_format_space\">\n\t\t\t\t<ul>\n<li>Bolsa de trabajo al terminar tu formaci\u00f3n.<\/li>\n<li>Costos accesibles y convenios de pago.<\/li>\n<li>Respaldado por el Grupo CHRISTUS MUGUERZA\u00ae, el Sistema de Salud Integral m\u00e1s grande de M\u00e9xico.<\/li>\n<li>Curr\u00edculo avalado por la UDEM, Universidad de prestigio, calificada entre las mejores en Latinoam\u00e9rica y en Nuevo Le\u00f3n.<\/li>\n<li>Educaci\u00f3n basada en valores.<\/li>\n<li>\u00danicos que manejamos 10 programas pos B\u00e1sicos en Enfermer\u00eda.<\/li>\n<li>Instalaciones de vanguardia totalmente equipadas.<\/li>\n<li>Laboratorios de proped\u00e9utica.<\/li>\n<li>Modelo educativo: Plan Personal de Formaci\u00f3n (orientaci\u00f3n vocacional personalizada).<\/li>\n<li>Programa de Becas por parte del Grupo CHRISTUS MUGUERZA\u00ae.<\/li>\n<li>Actividades extracurriculares que fomentan la formaci\u00f3n integral; Primeros auxilios, fut bol, v\u00f3ley bol, m\u00fasica, baile, yoga, primeros auxilios y taller del m\u00e9todo enfermero.<\/li>\n<li>Programa de tutores acad\u00e9mico y cl\u00ednico.<\/li>\n<li>Profesores altamente calificados.<\/li>\n<li>Desarrollo de Pr\u00e1cticas en centros comunitarios, cl\u00ednicas y hospitales p\u00fablicos y privados de gran prestigio, desde el primer semestre.<\/li>\n<li>Amplia participaci\u00f3n social, en promoci\u00f3n de la salud y prevenci\u00f3n directa en la comunidad.<\/li>\n<li>Apoyo comunitario y servicio hacia poblaciones vulnerables.<\/li>\n<\/ul>\n\t\t\t<\/div>\t\n\t\t<\/div>\n\t\t\n\t<\/section>\n\n\t\n\n\n\n\t<section class=\"floater section_simple_block_4 padBottomMed\">\n\n\t\t<div class=\"content-center\">\n\t\t\t<div class=\"simple_block_4_titulo\">\n\t\t\t\t<h2 class=\"title_default\">Pr\u00e1cticas profesionales<\/h2>\n\t\t\t<\/div>\n\t\t\t<div class=\"simple_block_4_contenido content_format_space\">\n\t\t\t\t<p>A partir de 5\u00b0 semestre el alumno puede acceder al programa de pr\u00e1cticas profesionales, en las cuales podr\u00e1 desarrollar actividades de acuerdo a su nivel de competencia, durante un periodo de 3 meses con opci\u00f3n a renovar. Dichas actividades se pueden realizar en las diferentes unidades de Grupo CHRISTUS MUGUERZA as\u00ed como empresas privadas registradas en la bolsa de empleadores del departamento de vinculaci\u00f3n acad\u00e9mica e institucional.<\/p>\n<p>Mediante este proceso los alumnos tienen la oportunidad de complementar su formaci\u00f3n, adquiriendo experiencia en un \u00e1rea espec\u00edfica de conocimiento y adentr\u00e1ndose al mundo laboral al recibir una remuneraci\u00f3n econ\u00f3mica por su pr\u00e1ctica.<\/p>\n\t\t\t<\/div>\t\n\t\t<\/div>\n\t\t\n\t<\/section>\n\n\t","protected":false},"excerpt":{"rendered":"","protected":false},"author":1,"featured_media":1597,"parent":0,"menu_order":0,"comment_status":"closed","ping_status":"closed","template":"","meta":{"_acf_changed":false,"footnotes":""},"class_list":["post-10","page","type-page","status-publish","has-post-thumbnail","hentry"],"acf":[],"yoast_head":"<!-- This site is optimized with the Yoast SEO plugin v27.6 - https:\/\/yoast.com\/product\/yoast-seo-wordpress\/ -->\n<title>Vinculaci\u00f3n Acad\u00e9mica - Escuela de Enfermer\u00eda Christus Muguerza-UDEM Monterrey<\/title>\n<meta name=\"robots\" content=\"index, follow, max-snippet:-1, max-image-preview:large, max-video-preview:-1\" \/>\n<link rel=\"canonical\" href=\"https:\/\/escuela-de-enfermeria.mx\/monterrey\/vinculacion\/\" \/>\n<meta property=\"og:locale\" content=\"es_MX\" \/>\n<meta property=\"og:type\" content=\"article\" \/>\n<meta property=\"og:title\" content=\"Vinculaci\u00f3n Acad\u00e9mica - Escuela de Enfermer\u00eda Christus Muguerza-UDEM Monterrey\" \/>\n<meta property=\"og:url\" content=\"https:\/\/escuela-de-enfermeria.mx\/monterrey\/vinculacion\/\" \/>\n<meta property=\"og:site_name\" content=\"Escuela de Enfermer\u00eda Christus Muguerza-UDEM Monterrey\" \/>\n<meta property=\"article:modified_time\" content=\"2026-03-24T15:18:01+00:00\" \/>\n<meta property=\"og:image\" content=\"https:\/\/escuela-de-enfermeria.mx\/monterrey\/wp-content\/uploads\/sites\/2\/2026\/03\/web-udem-health-banner-vinculacion-udem.png\" \/>\n\t<meta property=\"og:image:width\" content=\"1920\" \/>\n\t<meta property=\"og:image:height\" content=\"399\" \/>\n\t<meta property=\"og:image:type\" content=\"image\/png\" \/>\n<meta name=\"twitter:card\" content=\"summary_large_image\" \/>\n<meta name=\"twitter:label1\" content=\"Tiempo de lectura\" \/>\n\t<meta name=\"twitter:data1\" content=\"1 minuto\" \/>\n<script type=\"application\/ld+json\" class=\"yoast-schema-graph\">{\"@context\":\"https:\\\/\\\/schema.org\",\"@graph\":[{\"@type\":\"WebPage\",\"@id\":\"https:\\\/\\\/escuela-de-enfermeria.mx\\\/monterrey\\\/vinculacion\\\/\",\"url\":\"https:\\\/\\\/escuela-de-enfermeria.mx\\\/monterrey\\\/vinculacion\\\/\",\"name\":\"Vinculaci\u00f3n Acad\u00e9mica - Escuela de Enfermer\u00eda Christus Muguerza-UDEM Monterrey\",\"isPartOf\":{\"@id\":\"https:\\\/\\\/escuela-de-enfermeria.mx\\\/monterrey\\\/#website\"},\"primaryImageOfPage\":{\"@id\":\"https:\\\/\\\/escuela-de-enfermeria.mx\\\/monterrey\\\/vinculacion\\\/#primaryimage\"},\"image\":{\"@id\":\"https:\\\/\\\/escuela-de-enfermeria.mx\\\/monterrey\\\/vinculacion\\\/#primaryimage\"},\"thumbnailUrl\":\"https:\\\/\\\/escuela-de-enfermeria.mx\\\/monterrey\\\/wp-content\\\/uploads\\\/sites\\\/2\\\/2026\\\/03\\\/web-udem-health-banner-vinculacion-udem.png\",\"datePublished\":\"2020-09-30T21:38:03+00:00\",\"dateModified\":\"2026-03-24T15:18:01+00:00\",\"breadcrumb\":{\"@id\":\"https:\\\/\\\/escuela-de-enfermeria.mx\\\/monterrey\\\/vinculacion\\\/#breadcrumb\"},\"inLanguage\":\"es\",\"potentialAction\":[{\"@type\":\"ReadAction\",\"target\":[\"https:\\\/\\\/escuela-de-enfermeria.mx\\\/monterrey\\\/vinculacion\\\/\"]}]},{\"@type\":\"ImageObject\",\"inLanguage\":\"es\",\"@id\":\"https:\\\/\\\/escuela-de-enfermeria.mx\\\/monterrey\\\/vinculacion\\\/#primaryimage\",\"url\":\"https:\\\/\\\/escuela-de-enfermeria.mx\\\/monterrey\\\/wp-content\\\/uploads\\\/sites\\\/2\\\/2026\\\/03\\\/web-udem-health-banner-vinculacion-udem.png\",\"contentUrl\":\"https:\\\/\\\/escuela-de-enfermeria.mx\\\/monterrey\\\/wp-content\\\/uploads\\\/sites\\\/2\\\/2026\\\/03\\\/web-udem-health-banner-vinculacion-udem.png\",\"width\":1920,\"height\":399},{\"@type\":\"BreadcrumbList\",\"@id\":\"https:\\\/\\\/escuela-de-enfermeria.mx\\\/monterrey\\\/vinculacion\\\/#breadcrumb\",\"itemListElement\":[{\"@type\":\"ListItem\",\"position\":1,\"name\":\"Inicio\",\"item\":\"https:\\\/\\\/escuela-de-enfermeria.mx\\\/monterrey\\\/\"},{\"@type\":\"ListItem\",\"position\":2,\"name\":\"Vinculaci\u00f3n Acad\u00e9mica\"}]},{\"@type\":\"WebSite\",\"@id\":\"https:\\\/\\\/escuela-de-enfermeria.mx\\\/monterrey\\\/#website\",\"url\":\"https:\\\/\\\/escuela-de-enfermeria.mx\\\/monterrey\\\/\",\"name\":\"Escuela de Enfermer\u00eda Christus Muguerza-UDEM Monterrey\",\"description\":\"Otro sitio m\u00e1s de Escuela de Enfermer\u00eda Christus Muguerza-UDEM\",\"potentialAction\":[{\"@type\":\"SearchAction\",\"target\":{\"@type\":\"EntryPoint\",\"urlTemplate\":\"https:\\\/\\\/escuela-de-enfermeria.mx\\\/monterrey\\\/?s={search_term_string}\"},\"query-input\":{\"@type\":\"PropertyValueSpecification\",\"valueRequired\":true,\"valueName\":\"search_term_string\"}}],\"inLanguage\":\"es\"}]}<\/script>\n<!-- \/ Yoast SEO plugin. -->","yoast_head_json":{"title":"Vinculaci\u00f3n Acad\u00e9mica - Escuela de Enfermer\u00eda Christus Muguerza-UDEM Monterrey","robots":{"index":"index","follow":"follow","max-snippet":"max-snippet:-1","max-image-preview":"max-image-preview:large","max-video-preview":"max-video-preview:-1"},"canonical":"https:\/\/escuela-de-enfermeria.mx\/monterrey\/vinculacion\/","og_locale":"es_MX","og_type":"article","og_title":"Vinculaci\u00f3n Acad\u00e9mica - Escuela de Enfermer\u00eda Christus Muguerza-UDEM Monterrey","og_url":"https:\/\/escuela-de-enfermeria.mx\/monterrey\/vinculacion\/","og_site_name":"Escuela de Enfermer\u00eda Christus Muguerza-UDEM Monterrey","article_modified_time":"2026-03-24T15:18:01+00:00","og_image":[{"width":1920,"height":399,"url":"https:\/\/escuela-de-enfermeria.mx\/monterrey\/wp-content\/uploads\/sites\/2\/2026\/03\/web-udem-health-banner-vinculacion-udem.png","type":"image\/png"}],"twitter_card":"summary_large_image","twitter_misc":{"Tiempo de lectura":"1 minuto"},"schema":{"@context":"https:\/\/schema.org","@graph":[{"@type":"WebPage","@id":"https:\/\/escuela-de-enfermeria.mx\/monterrey\/vinculacion\/","url":"https:\/\/escuela-de-enfermeria.mx\/monterrey\/vinculacion\/","name":"Vinculaci\u00f3n Acad\u00e9mica - Escuela de Enfermer\u00eda Christus Muguerza-UDEM Monterrey","isPartOf":{"@id":"https:\/\/escuela-de-enfermeria.mx\/monterrey\/#website"},"primaryImageOfPage":{"@id":"https:\/\/escuela-de-enfermeria.mx\/monterrey\/vinculacion\/#primaryimage"},"image":{"@id":"https:\/\/escuela-de-enfermeria.mx\/monterrey\/vinculacion\/#primaryimage"},"thumbnailUrl":"https:\/\/escuela-de-enfermeria.mx\/monterrey\/wp-content\/uploads\/sites\/2\/2026\/03\/web-udem-health-banner-vinculacion-udem.png","datePublished":"2020-09-30T21:38:03+00:00","dateModified":"2026-03-24T15:18:01+00:00","breadcrumb":{"@id":"https:\/\/escuela-de-enfermeria.mx\/monterrey\/vinculacion\/#breadcrumb"},"inLanguage":"es","potentialAction":[{"@type":"ReadAction","target":["https:\/\/escuela-de-enfermeria.mx\/monterrey\/vinculacion\/"]}]},{"@type":"ImageObject","inLanguage":"es","@id":"https:\/\/escuela-de-enfermeria.mx\/monterrey\/vinculacion\/#primaryimage","url":"https:\/\/escuela-de-enfermeria.mx\/monterrey\/wp-content\/uploads\/sites\/2\/2026\/03\/web-udem-health-banner-vinculacion-udem.png","contentUrl":"https:\/\/escuela-de-enfermeria.mx\/monterrey\/wp-content\/uploads\/sites\/2\/2026\/03\/web-udem-health-banner-vinculacion-udem.png","width":1920,"height":399},{"@type":"BreadcrumbList","@id":"https:\/\/escuela-de-enfermeria.mx\/monterrey\/vinculacion\/#breadcrumb","itemListElement":[{"@type":"ListItem","position":1,"name":"Inicio","item":"https:\/\/escuela-de-enfermeria.mx\/monterrey\/"},{"@type":"ListItem","position":2,"name":"Vinculaci\u00f3n Acad\u00e9mica"}]},{"@type":"WebSite","@id":"https:\/\/escuela-de-enfermeria.mx\/monterrey\/#website","url":"https:\/\/escuela-de-enfermeria.mx\/monterrey\/","name":"Escuela de Enfermer\u00eda Christus Muguerza-UDEM Monterrey","description":"Otro sitio m\u00e1s de Escuela de Enfermer\u00eda Christus Muguerza-UDEM","potentialAction":[{"@type":"SearchAction","target":{"@type":"EntryPoint","urlTemplate":"https:\/\/escuela-de-enfermeria.mx\/monterrey\/?s={search_term_string}"},"query-input":{"@type":"PropertyValueSpecification","valueRequired":true,"valueName":"search_term_string"}}],"inLanguage":"es"}]}},"_links":{"self":[{"href":"https:\/\/escuela-de-enfermeria.mx\/monterrey\/wp-json\/wp\/v2\/pages\/10","targetHints":{"allow":["GET"]}}],"collection":[{"href":"https:\/\/escuela-de-enfermeria.mx\/monterrey\/wp-json\/wp\/v2\/pages"}],"about":[{"href":"https:\/\/escuela-de-enfermeria.mx\/monterrey\/wp-json\/wp\/v2\/types\/page"}],"author":[{"embeddable":true,"href":"https:\/\/escuela-de-enfermeria.mx\/monterrey\/wp-json\/wp\/v2\/users\/1"}],"replies":[{"embeddable":true,"href":"https:\/\/escuela-de-enfermeria.mx\/monterrey\/wp-json\/wp\/v2\/comments?post=10"}],"version-history":[{"count":9,"href":"https:\/\/escuela-de-enfermeria.mx\/monterrey\/wp-json\/wp\/v2\/pages\/10\/revisions"}],"predecessor-version":[{"id":1163,"href":"https:\/\/escuela-de-enfermeria.mx\/monterrey\/wp-json\/wp\/v2\/pages\/10\/revisions\/1163"}],"wp:featuredmedia":[{"embeddable":true,"href":"https:\/\/escuela-de-enfermeria.mx\/monterrey\/wp-json\/wp\/v2\/media\/1597"}],"wp:attachment":[{"href":"https:\/\/escuela-de-enfermeria.mx\/monterrey\/wp-json\/wp\/v2\/media?parent=10"}],"curies":[{"name":"wp","href":"https:\/\/api.w.org\/{rel}","templated":true}]}}