{"id":4,"date":"2020-09-30T21:37:36","date_gmt":"2020-09-30T21:37:36","guid":{"rendered":"https:\/\/escuela-de-enfermeria.mx\/monterrey\/?page_id=4"},"modified":"2026-03-24T17:03:26","modified_gmt":"2026-03-24T17:03:26","slug":"inicio","status":"publish","type":"page","link":"https:\/\/escuela-de-enfermeria.mx\/monterrey\/","title":{"rendered":"Inicio"},"content":{"rendered":"\n\n\n\t<section id=\"hero\" class=\"floater bg_morado\">\n\t\t<div class=\"content-center\">\n\n\t\t\t<div id=\"hero_slider\">\n\n\t\t\t\t\n\t\t\t\t<div class=\"item\" style=\"background-image: url(https:\/\/escuela-de-enfermeria.mx\/monterrey\/wp-content\/uploads\/sites\/2\/2026\/03\/web-udem-health-licenciatura-enfermeria-monterrey-01.png)\"><\/div>\n\n\n\t\t\t\t\n\t\t\t\t<div class=\"item\" style=\"background-image: url(https:\/\/escuela-de-enfermeria.mx\/monterrey\/wp-content\/uploads\/sites\/2\/2026\/03\/web-udem-health-bachillerato-enfermeria-monterrey-05.png)\"><\/div>\n\n\n\t\t\t\t\n\t\t\t\t<div class=\"item\" style=\"background-image: url(https:\/\/escuela-de-enfermeria.mx\/monterrey\/wp-content\/uploads\/sites\/2\/2026\/03\/web-udem-health-posbasicos-enfermeria-monterrey-04.png)\"><\/div>\n\n\n\t\t\t\t\t\t\t<\/div>\n\t\t\t<div class=\"hero_text\">\n\t\t\n\t\t\t\t\t\n\t\t\t\t\t<div class=\"text_block\">\n\n\t\t\t\t\t\t<div id=\"slider_nav_home\">\n\t\t\t\t\n\t\t\t\t\t\t<\/div>\n\n\t\t\t\t\t\t<div class=\"slider_wrapper\">\n\t\t\t\t\t\t\t<div id=\"hero_slider_text\">\n\n\t\t\t\t\t\t\t\t\t\t\t\t\t\t\t\t<div class=\"item\">\n\t\t\t\t\t\t\t\t\t<div class=\"table_parent\">\n\t\t\t\t\t\t\t\t\t\t<div class=\"table_cell\">\n\t\t\t\t\t\t\t\t\t\t\t<h1 class=\"title_big\">\n\t\t\t\t\t\t\t\t\t\t\t\tLicenciatura en Enfermer\u00eda\t\t\t\t\t\t\t\t\t\t\t<\/h1>\n\t\t\t\t\n\t\t\t\t\n\t\t\t\t\t\t\t\t\t\t\t<p>Programa dirigido para formar Licenciados en Enfermer\u00eda con las capacidades para enfrentar el mundo actual.<\/p>\n\t\t\t\t\t\t\t\t\t\t\t\t\t\t\t\t\t\t\t\t\t\t<a href=\"https:\/\/escuela-de-enfermeria.mx\/monterrey\/licenciatura-en-enfermeria\/informacion-general\/\" class=\"btn\" target=\"_self\" title=\"Conoce m\u00e1s\">Conoce m\u00e1s<\/a>\n\n\t\t\t\t\t\t\t\t\t\t\t\t\t\t\t\t\t\t\t\t<\/div>\n\t\t\t\t\t\t\t\t\t<\/div>\n\t\t\t\t\t\t\t\t\t\n\t\t\t\t\t\t\t\t<\/div>\t\n\n\t\t\t\t\t\t\t\t\t\t\t\t\t\t\t\t<div class=\"item\">\n\t\t\t\t\t\t\t\t\t<div class=\"table_parent\">\n\t\t\t\t\t\t\t\t\t\t<div class=\"table_cell\">\n\t\t\t\t\t\t\t\t\t\t\t<h1 class=\"title_big\">\n\t\t\t\t\t\t\t\t\t\t\t\tBachillerato con Enfermer\u00eda General\t\t\t\t\t\t\t\t\t\t\t<\/h1>\n\t\t\t\t\n\t\t\t\t\n\t\t\t\t\t\t\t\t\t\t\t<p>Formamos profesionales en enfermer\u00eda general competentes para otorgar cuidado humano con \u00e9tica y valor por la vida.<\/p>\n\t\t\t\t\t\t\t\t\t\t\t\t\t\t\t\t\t\t\t\t\t\t<a href=\"https:\/\/escuela-de-enfermeria.mx\/monterrey\/bachillerato-con-enfermeria-general\/informacion-general\/\" class=\"btn\" target=\"_self\" title=\"Conoce m\u00e1s\">Conoce m\u00e1s<\/a>\n\n\t\t\t\t\t\t\t\t\t\t\t\t\t\t\t\t\t\t\t\t<\/div>\n\t\t\t\t\t\t\t\t\t<\/div>\n\t\t\t\t\t\t\t\t\t\n\t\t\t\t\t\t\t\t<\/div>\t\n\n\t\t\t\t\t\t\t\t\t\t\t\t\t\t\t\t<div class=\"item\">\n\t\t\t\t\t\t\t\t\t<div class=\"table_parent\">\n\t\t\t\t\t\t\t\t\t\t<div class=\"table_cell\">\n\t\t\t\t\t\t\t\t\t\t\t<h1 class=\"title_big\">\n\t\t\t\t\t\t\t\t\t\t\t\tPosb\u00e1sicos en Enfermer\u00eda\t\t\t\t\t\t\t\t\t\t\t<\/h1>\n\t\t\t\t\n\t\t\t\t\n\t\t\t\t\t\t\t\t\t\t\t<p>Programas escolarizados con registro de validez oficial de estudios (RVOE) en donde desarrollamos un desaf\u00edo profesional para egresados.<\/p>\n\t\t\t\t\t\t\t\t\t\t\t\t\t\t\t\t\t\t\t\t\t\t<a href=\"https:\/\/escuela-de-enfermeria.mx\/monterrey\/posbasicos\/informacion-general\/\" class=\"btn\" target=\"_self\" title=\"Conoce m\u00e1s\">Conoce m\u00e1s<\/a>\n\n\t\t\t\t\t\t\t\t\t\t\t\t\t\t\t\t\t\t\t\t<\/div>\n\t\t\t\t\t\t\t\t\t<\/div>\n\t\t\t\t\t\t\t\t\t\n\t\t\t\t\t\t\t\t<\/div>\t\n\n\t\t\t\t\t\t\t\t\t\t\t\t\t\t\t\t\n\t\t\t\t\t\t\t<\/div>\n\t\t\t\t\t\t<\/div>\n\n\t\t\t\t\t\t\n\t\t\t\t\t\n\t\t\t\t\t<\/div>\n\n\t\t\t\t\t\n\t\t\t\t<\/div>\n\n\t\t\t\t\n\t\t\t\n\t\t\t<\/div>\n\t\t\t\n\t\t\t\n\t\t\t\n\t\t<\/div>\n\t<\/section>\n\n\t\n\n\n\t<section class=\"floater section_simple_text bg_white padTopMed padBottomMed centerTxt\">\n\t\t<div class=\"content-center\">\n\t\t\t\n\t\t\t\t\t\t\t<p>Nos dedicamos a la formaci\u00f3n de profesionales de la salud facultados para otorgar cuidado humano teniendo, como base la pr\u00e1ctica con \u00e9tica, valores y un s\u00f3lido sustento cient\u00edfico, siendo \u00e9ste el proceso de atenci\u00f3n de enfermer\u00eda.<\/p>\n\t\t\t\t\t<\/div>\n\t<\/section>\n\n\t\n\n<div class=\"wp-block-image\">\n<figure class=\"aligncenter size-large\"><img loading=\"lazy\" decoding=\"async\" width=\"1024\" height=\"177\" src=\"https:\/\/escuela-de-enfermeria.mx\/monterrey\/wp-content\/uploads\/sites\/2\/2026\/01\/acreditaciones-1024x177.png\" alt=\"\" class=\"wp-image-1500\" srcset=\"https:\/\/escuela-de-enfermeria.mx\/monterrey\/wp-content\/uploads\/sites\/2\/2026\/01\/acreditaciones-1024x177.png 1024w, https:\/\/escuela-de-enfermeria.mx\/monterrey\/wp-content\/uploads\/sites\/2\/2026\/01\/acreditaciones-300x52.png 300w, https:\/\/escuela-de-enfermeria.mx\/monterrey\/wp-content\/uploads\/sites\/2\/2026\/01\/acreditaciones-768x133.png 768w, https:\/\/escuela-de-enfermeria.mx\/monterrey\/wp-content\/uploads\/sites\/2\/2026\/01\/acreditaciones-1536x266.png 1536w, https:\/\/escuela-de-enfermeria.mx\/monterrey\/wp-content\/uploads\/sites\/2\/2026\/01\/acreditaciones-2048x355.png 2048w\" sizes=\"auto, (max-width: 1024px) 100vw, 1024px\" \/><\/figure>\n<\/div>\n\n\n\t<section class=\"floater section_simple_text bg_white padTopMed padBottomMed centerTxt\">\n\t\t<div class=\"content-center\">\n\t\t\t\t\t\t\t<h2 class=\"title_default\">\n\t\t\t\t\tAcreditaciones nacionales e internacionales.\t\t\t\t<\/h2>\n\n\t\t\t\n\t\t\t\t\t\t\t<p>La Universidad de Monterrey est\u00e1 acreditada por la Southern Association of Colleges and Schools Commission on Colleges (SACSCOC) para otorgar t\u00edtulos de licenciatura, maestr\u00eda y doctorado. La Universidad de Monterrey tambi\u00e9n puede ofrecer credenciales como certificados y diplomas en los niveles de grado aprobados.\r\n\r\n\r\nLas preguntas sobre la acreditaci\u00f3n de la Universidad de Monterrey pueden dirigirse por escrito a la Southern Association of Colleges and Schools Commission on Colleges en 1866 Southern Lane, Decatur, GA 30033-4097, llamando al (404) 679-4500, o utilizando la informaci\u00f3n disponible en el sitio web de SACSCOC (www.sacscoc.org).<\/p>\n\t\t\t\t\t<\/div>\n\t<\/section>\n\n\t\n\n\n\t\t<div class=\"floater spacer padTopMed bg_gris\"><\/div>\n\t\n\t<section class=\"floater section_image_text_title image_left bg_gris padTopMed padBottomMed\">\n\n\t\t\n\t\t<div class=\"content-center\">\n\t\n\t\t\t\n\t\t\t<div class=\"section_image_text_title_text\">\n\n\t\t\t\t<div class=\"section_title\">\n\t\t\t\t\t<h2 class=\"title_default\">\n\t\t\t\t\t\tBachillerato con Enfermer\u00eda General\t\t\t\t\t<\/h2>\n\t\t\t\t<\/div>\n\t\t\t\t<div class=\"section_content\">\n\t\t\t\t\t\n\t\t\t\t\t<p>Formamos profesionales en enfermer\u00eda general competentes para otorgar cuidado humano con \u00e9tica y valor por la vida, sustentado te\u00f3ricamente y con extensiva pr\u00e1ctica en hospitales y centros de salud.<\/p>\n<p><a class=\"btn\" href=\"https:\/\/escuela-de-enfermeria.mx\/monterrey\/bachillerato-con-enfermeria-general\/informacion-general\/\">Conoce m\u00e1s<\/a><\/p>\n\t\t\t\t\n\t\t\t\t<\/div>\n\t\t\t\n\t\t\t\t\n\t\t\t<\/div>\n\n\t\t\t<div class=\"section_image_text_title_image\" style=\"background-image: url(https:\/\/escuela-de-enfermeria.mx\/monterrey\/wp-content\/uploads\/sites\/2\/2026\/03\/web-udem-health-bachillerato-enfermeria-monterrey-03.png)\">\n\t\t\t\n\t\t\t<\/div>\n\t\t\t\n\t\t\t\n\t\t<\/div>\n\t<\/section>\n\n\t\n\n\n\t<section class=\"floater section_image_text_title image_left bg_gris padTopMed padBottomMed\">\n\n\t\t\n\t\t<div class=\"content-center\">\n\t\n\t\t\t\n\t\t\t<div class=\"section_image_text_title_text\">\n\n\t\t\t\t<div class=\"section_title\">\n\t\t\t\t\t<h2 class=\"title_default\">\n\t\t\t\t\t\tLicenciatura en Enfermer\u00eda\t\t\t\t\t<\/h2>\n\t\t\t\t<\/div>\n\t\t\t\t<div class=\"section_content\">\n\t\t\t\t\t\n\t\t\t\t\t<p>Programa dirigido para formar Licenciados en Enfermer\u00eda con las capacidades para enfrentar el mundo actual donde obtendr\u00e1s las herramientas para ser un profesionista capaz de ejercer diferentes roles como prestador de cuidados, educador, administrador o investigador y de colaborar con el equipo de salud en los diferentes niveles de atenci\u00f3n.<\/p>\n<p><a class=\"btn\" href=\"https:\/\/escuela-de-enfermeria.mx\/monterrey\/licenciatura-en-enfermeria\/informacion-general\/\">Conoce m\u00e1s<\/a><\/p>\n\t\t\t\t\n\t\t\t\t<\/div>\n\t\t\t\n\t\t\t\t\n\t\t\t<\/div>\n\n\t\t\t<div class=\"section_image_text_title_image\" style=\"background-image: url(https:\/\/escuela-de-enfermeria.mx\/monterrey\/wp-content\/uploads\/sites\/2\/2026\/03\/web-udem-health-licenciatura-enfermeria-monterrey-06.png)\">\n\t\t\t\n\t\t\t<\/div>\n\t\t\t\n\t\t\t\n\t\t<\/div>\n\t<\/section>\n\n\t\n\n\n\t<section class=\"floater section_image_text_title image_left bg_gris padTopMed padBottomMed\">\n\n\t\t\n\t\t<div class=\"content-center\">\n\t\n\t\t\t\n\t\t\t<div class=\"section_image_text_title_text\">\n\n\t\t\t\t<div class=\"section_title\">\n\t\t\t\t\t<h2 class=\"title_default\">\n\t\t\t\t\t\tPosb\u00e1sicos en Enfermer\u00eda\t\t\t\t\t<\/h2>\n\t\t\t\t<\/div>\n\t\t\t\t<div class=\"section_content\">\n\t\t\t\t\t\n\t\t\t\t\t<p>Los posb\u00e1sicos, son programas escolarizados con registro de validez oficial de estudios (RVOE) en donde desarrollamos un desaf\u00edo profesional para egresados de Enfermer\u00eda General o Licenciatura en Enfermer\u00eda donde pueden adquirir conocimiento espec\u00edfico en las diferentes especialidades para tener un mejor desarrollo en la vida laboral dentro de hospitales y centros de salud.<\/p>\n<ul>\n<li>Enfermer\u00eda en Administraci\u00f3n y Docencia<\/li>\n<li>Enfermer\u00eda en Medicina de Familia<\/li>\n<\/ul>\n<p><a class=\"btn\" href=\"https:\/\/escuela-de-enfermeria.mx\/monterrey\/posbasicos\/informacion-general\/\">Conoce m\u00e1s<\/a><\/p>\n\t\t\t\t\n\t\t\t\t<\/div>\n\t\t\t\n\t\t\t\t\n\t\t\t<\/div>\n\n\t\t\t<div class=\"section_image_text_title_image\" style=\"background-image: url(https:\/\/escuela-de-enfermeria.mx\/monterrey\/wp-content\/uploads\/sites\/2\/2026\/03\/web-udem-health-posbasicos-enfermeria-monterrey-07.png)\">\n\t\t\t\n\t\t\t<\/div>\n\t\t\t\n\t\t\t\n\t\t<\/div>\n\t<\/section>\n\n\t\n\n\n<hr class=\"wp-block-separator has-css-opacity\" \/>\n\n\n\n\t\n\n\n\t<section class=\"floater padTopMed padBottomMed section_ultimas_noticias bg_gris\">\n\n\t\t<div class=\"content-center\">\n\t\t\t<div class=\"title_bar\">\n\t\t\t\t<h2 class=\"title_default\">\n\t\t\t\t\t\u00daltimas noticias\n\t\t\t\t<\/h2>\n\t\t\t\t<a href=\"https:\/\/escuela-de-enfermeria.mx\/monterrey\/difusion\/\" class=\"title_btn\">\n\t\t\t\t\tVer todas\n\t\t\t\t<\/a>\n\t\t\t<\/div>\n\t\t\t<div class=\"ultimas_noticias_grid ultimas_noticias_slider\">\n\n\t\t\t\t\n\t\t\t\t\t<div class=\"item_noticia\">\n\t<div class=\"item_noticia_imagen\" style=\"background-image: url(https:\/\/escuela-de-enfermeria.mx\/monterrey\/wp-content\/uploads\/sites\/2\/2026\/02\/banner-de-boletin2.png)\">\n\n\t\t<a href=\"https:\/\/escuela-de-enfermeria.mx\/monterrey\/noticias\/02\/10\/vocacion-y-compromiso-social-la-enfermeria-al-servicio-de-la-dignidad-humana\/\"><\/a>\t\n\t\t\n\t<\/div>\n\t<div class=\"item_noticia_contenido\">\n\t\t<h3 class=\"item_noticia_titulo\">\n\t\t\tVocaci\u00f3n y compromiso social: la enfermer\u00eda al servicio de la dignidad humana.\t\t<\/h3>\n\t\t<span class=\"item_fecha\">10 de febrero de 2026<\/span>\n\t\t<p class=\"item_extract\">\n\t\t\tUna formaci\u00f3n universitaria integral fortalece la sensibilidad \u00e9tica y social del profesional, permiti\u00e9ndole brindar un cuidado humano, equitativo y respetuoso, y contribuir activamente al bienestar de las personas y las comunidades.\t\t<\/p>\n\t\t<a class=\"btn btn_full_mob\" href=\"https:\/\/escuela-de-enfermeria.mx\/monterrey\/noticias\/02\/10\/vocacion-y-compromiso-social-la-enfermeria-al-servicio-de-la-dignidad-humana\/\">\n\t\t\tLeer m\u00e1s\n\t\t<\/a>\n\t<\/div>\n<\/div>\n\t\t\t\t\n\t\t\t\t\t<div class=\"item_noticia\">\n\t<div class=\"item_noticia_imagen\" style=\"background-image: url(https:\/\/escuela-de-enfermeria.mx\/monterrey\/wp-content\/uploads\/sites\/2\/2026\/01\/banner-de-boletin.png)\">\n\n\t\t<a href=\"https:\/\/escuela-de-enfermeria.mx\/monterrey\/noticias\/01\/12\/liderazgo-en-enfermeria-formando-profesionales-que-inspiran-y-transforman\/\"><\/a>\t\n\t\t\n\t<\/div>\n\t<div class=\"item_noticia_contenido\">\n\t\t<h3 class=\"item_noticia_titulo\">\n\t\t\tLiderazgo en enfermer\u00eda: formando profesionales que inspiran y transforman.\t\t<\/h3>\n\t\t<span class=\"item_fecha\">12 de enero de 2026<\/span>\n\t\t<p class=\"item_extract\">\n\t\t\tLa formaci\u00f3n en liderazgo prepara a los profesionales de enfermer\u00eda para asumir un rol activo, \u00e9tico y responsable dentro de los sistemas de salud.\t\t<\/p>\n\t\t<a class=\"btn btn_full_mob\" href=\"https:\/\/escuela-de-enfermeria.mx\/monterrey\/noticias\/01\/12\/liderazgo-en-enfermeria-formando-profesionales-que-inspiran-y-transforman\/\">\n\t\t\tLeer m\u00e1s\n\t\t<\/a>\n\t<\/div>\n<\/div>\n\t\t\t\t\n\t\t\t\t\t<div class=\"item_noticia\">\n\t<div class=\"item_noticia_imagen\" style=\"background-image: url(https:\/\/escuela-de-enfermeria.mx\/monterrey\/wp-content\/uploads\/sites\/2\/2026\/02\/7.jpg)\">\n\n\t\t<a href=\"https:\/\/escuela-de-enfermeria.mx\/monterrey\/noticias\/12\/01\/conocimiento-que-transforma-enfermeria-basada-en-evidencia\/\"><\/a>\t\n\t\t\n\t<\/div>\n\t<div class=\"item_noticia_contenido\">\n\t\t<h3 class=\"item_noticia_titulo\">\n\t\t\tConocimiento que transforma: enfermer\u00eda basada en evidencia.\t\t<\/h3>\n\t\t<span class=\"item_fecha\">1 de diciembre de 2025<\/span>\n\t\t<p class=\"item_extract\">\n\t\t\tImportancia de la investigaci\u00f3n, el pensamiento cr\u00edtico y las Gu\u00edas de Buenas Pr\u00e1cticas en la toma de decisiones cl\u00ednicas.\t\t<\/p>\n\t\t<a class=\"btn btn_full_mob\" href=\"https:\/\/escuela-de-enfermeria.mx\/monterrey\/noticias\/12\/01\/conocimiento-que-transforma-enfermeria-basada-en-evidencia\/\">\n\t\t\tLeer m\u00e1s\n\t\t<\/a>\n\t<\/div>\n<\/div>\n\t\t\t\t\n\t\t\t\t\t<div class=\"item_noticia\">\n\t<div class=\"item_noticia_imagen\" style=\"background-image: url(https:\/\/escuela-de-enfermeria.mx\/monterrey\/wp-content\/uploads\/sites\/2\/2025\/11\/6.jpg)\">\n\n\t\t<a href=\"https:\/\/escuela-de-enfermeria.mx\/monterrey\/noticias\/11\/04\/educacion-con-valores-formando-profesionales-integros-en-enfermeria\/\"><\/a>\t\n\t\t\n\t<\/div>\n\t<div class=\"item_noticia_contenido\">\n\t\t<h3 class=\"item_noticia_titulo\">\n\t\t\tEducaci\u00f3n con valores: formando profesionales \u00edntegros en enfermer\u00eda.\t\t<\/h3>\n\t\t<span class=\"item_fecha\">4 de noviembre de 2025<\/span>\n\t\t<p class=\"item_extract\">\n\t\t\tIntegraci\u00f3n de valores como compasi\u00f3n, responsabilidad, justicia y respeto en la ense\u00f1anza y pr\u00e1ctica diaria.\t\t<\/p>\n\t\t<a class=\"btn btn_full_mob\" href=\"https:\/\/escuela-de-enfermeria.mx\/monterrey\/noticias\/11\/04\/educacion-con-valores-formando-profesionales-integros-en-enfermeria\/\">\n\t\t\tLeer m\u00e1s\n\t\t<\/a>\n\t<\/div>\n<\/div>\n\t\t\t\t\n\t\t\t\t\t<div class=\"item_noticia\">\n\t<div class=\"item_noticia_imagen\" style=\"background-image: url(https:\/\/escuela-de-enfermeria.mx\/monterrey\/wp-content\/uploads\/sites\/2\/2026\/02\/5.jpg)\">\n\n\t\t<a href=\"https:\/\/escuela-de-enfermeria.mx\/monterrey\/noticias\/10\/01\/seguridad-del-paciente-educar-para-una-atencion-de-calidad\/\"><\/a>\t\n\t\t\n\t<\/div>\n\t<div class=\"item_noticia_contenido\">\n\t\t<h3 class=\"item_noticia_titulo\">\n\t\t\tSeguridad del paciente: educar para una atenci\u00f3n de calidad.\t\t<\/h3>\n\t\t<span class=\"item_fecha\">1 de octubre de 2025<\/span>\n\t\t<p class=\"item_extract\">\n\t\t\tC\u00f3mo la formaci\u00f3n acad\u00e9mica impacta directamente en la seguridad, calidad y \u00e9tica del cuidado\t\t<\/p>\n\t\t<a class=\"btn btn_full_mob\" href=\"https:\/\/escuela-de-enfermeria.mx\/monterrey\/noticias\/10\/01\/seguridad-del-paciente-educar-para-una-atencion-de-calidad\/\">\n\t\t\tLeer m\u00e1s\n\t\t<\/a>\n\t<\/div>\n<\/div>\n\t\t\t\t\n\t\t\t<\/div>\n\t\t\t<div id=\"slider_nav_noticias\"><\/div>\n\t\t<\/div>\n\t\t\n\t<\/section>\n\n\n\t\n\n\n<hr class=\"wp-block-separator has-css-opacity\" \/>\n\n\n\n\n\n\t\n\t<section class=\"floater section_simple_banner bg_morado_oscuro padTopMed padBottomMed\">\n\t\t<div class=\"content-center\">\n\t\t\t<div class=\"banner_wrapper\">\n\t\t\t\t<div class=\"banner_title\">\n\t\t\t\t\t<h3 style=\"font-size:2.6em\">Contamos con promoci\u00f3n de becas cada semestre tomando como base la excelencia acad\u00e9mica. <\/h3>\n\t\t\t\t<\/div>\n\t\t\t\t<div class=\"banner_btn\">\n\t\t\t\t\t                    <a href=\"https:\/\/escuela-de-enfermeria.mx\/monterrey\/beca\/\" class=\"btn\" target=\"_self\" title=\"Conoce nuestro programa de becas\">Conoce nuestro programa de becas<\/a>\n\t\t\t\t<\/div>\n\t\t\t<\/div>\n\t\t\n\t\t<\/div>\n\t<\/section>\n\n\t","protected":false},"excerpt":{"rendered":"","protected":false},"author":1,"featured_media":0,"parent":0,"menu_order":0,"comment_status":"closed","ping_status":"closed","template":"","meta":{"_acf_changed":false,"footnotes":""},"class_list":["post-4","page","type-page","status-publish","hentry"],"acf":[],"yoast_head":"<!-- This site is optimized with the Yoast SEO plugin v27.6 - https:\/\/yoast.com\/product\/yoast-seo-wordpress\/ -->\n<title>Inicio - Escuela de Enfermer\u00eda Christus Muguerza-UDEM Monterrey<\/title>\n<meta name=\"robots\" content=\"index, follow, max-snippet:-1, max-image-preview:large, max-video-preview:-1\" \/>\n<link rel=\"canonical\" href=\"https:\/\/escuela-de-enfermeria.mx\/monterrey\/\" \/>\n<meta property=\"og:locale\" content=\"es_MX\" \/>\n<meta property=\"og:type\" content=\"article\" \/>\n<meta property=\"og:title\" content=\"Inicio - Escuela de Enfermer\u00eda Christus Muguerza-UDEM Monterrey\" \/>\n<meta property=\"og:url\" content=\"https:\/\/escuela-de-enfermeria.mx\/monterrey\/\" \/>\n<meta property=\"og:site_name\" content=\"Escuela de Enfermer\u00eda Christus Muguerza-UDEM Monterrey\" \/>\n<meta property=\"article:modified_time\" content=\"2026-03-24T17:03:26+00:00\" \/>\n<meta property=\"og:image\" content=\"https:\/\/escuela-de-enfermeria.mx\/monterrey\/wp-content\/uploads\/sites\/2\/2026\/01\/acreditaciones-scaled.png\" \/>\n\t<meta property=\"og:image:width\" content=\"2560\" \/>\n\t<meta property=\"og:image:height\" content=\"443\" \/>\n\t<meta property=\"og:image:type\" content=\"image\/png\" \/>\n<meta name=\"twitter:card\" content=\"summary_large_image\" \/>\n<meta name=\"twitter:label1\" content=\"Tiempo de lectura\" \/>\n\t<meta name=\"twitter:data1\" content=\"1 minuto\" \/>\n<script type=\"application\/ld+json\" class=\"yoast-schema-graph\">{\"@context\":\"https:\\\/\\\/schema.org\",\"@graph\":[{\"@type\":\"WebPage\",\"@id\":\"https:\\\/\\\/escuela-de-enfermeria.mx\\\/monterrey\\\/\",\"url\":\"https:\\\/\\\/escuela-de-enfermeria.mx\\\/monterrey\\\/\",\"name\":\"Inicio - Escuela de Enfermer\u00eda Christus Muguerza-UDEM Monterrey\",\"isPartOf\":{\"@id\":\"https:\\\/\\\/escuela-de-enfermeria.mx\\\/monterrey\\\/#website\"},\"primaryImageOfPage\":{\"@id\":\"https:\\\/\\\/escuela-de-enfermeria.mx\\\/monterrey\\\/#primaryimage\"},\"image\":{\"@id\":\"https:\\\/\\\/escuela-de-enfermeria.mx\\\/monterrey\\\/#primaryimage\"},\"thumbnailUrl\":\"https:\\\/\\\/escuela-de-enfermeria.mx\\\/monterrey\\\/wp-content\\\/uploads\\\/sites\\\/2\\\/2026\\\/01\\\/acreditaciones-1024x177.png\",\"datePublished\":\"2020-09-30T21:37:36+00:00\",\"dateModified\":\"2026-03-24T17:03:26+00:00\",\"breadcrumb\":{\"@id\":\"https:\\\/\\\/escuela-de-enfermeria.mx\\\/monterrey\\\/#breadcrumb\"},\"inLanguage\":\"es\",\"potentialAction\":[{\"@type\":\"ReadAction\",\"target\":[\"https:\\\/\\\/escuela-de-enfermeria.mx\\\/monterrey\\\/\"]}]},{\"@type\":\"ImageObject\",\"inLanguage\":\"es\",\"@id\":\"https:\\\/\\\/escuela-de-enfermeria.mx\\\/monterrey\\\/#primaryimage\",\"url\":\"https:\\\/\\\/escuela-de-enfermeria.mx\\\/monterrey\\\/wp-content\\\/uploads\\\/sites\\\/2\\\/2026\\\/01\\\/acreditaciones-scaled.png\",\"contentUrl\":\"https:\\\/\\\/escuela-de-enfermeria.mx\\\/monterrey\\\/wp-content\\\/uploads\\\/sites\\\/2\\\/2026\\\/01\\\/acreditaciones-scaled.png\",\"width\":2560,\"height\":443},{\"@type\":\"BreadcrumbList\",\"@id\":\"https:\\\/\\\/escuela-de-enfermeria.mx\\\/monterrey\\\/#breadcrumb\",\"itemListElement\":[{\"@type\":\"ListItem\",\"position\":1,\"name\":\"Inicio\",\"item\":\"https:\\\/\\\/escuela-de-enfermeria.mx\\\/monterrey\\\/\"},{\"@type\":\"ListItem\",\"position\":2,\"name\":\"Inicio\"}]},{\"@type\":\"WebSite\",\"@id\":\"https:\\\/\\\/escuela-de-enfermeria.mx\\\/monterrey\\\/#website\",\"url\":\"https:\\\/\\\/escuela-de-enfermeria.mx\\\/monterrey\\\/\",\"name\":\"Escuela de Enfermer\u00eda Christus Muguerza-UDEM Monterrey\",\"description\":\"Otro sitio m\u00e1s de Escuela de Enfermer\u00eda Christus Muguerza-UDEM\",\"potentialAction\":[{\"@type\":\"SearchAction\",\"target\":{\"@type\":\"EntryPoint\",\"urlTemplate\":\"https:\\\/\\\/escuela-de-enfermeria.mx\\\/monterrey\\\/?s={search_term_string}\"},\"query-input\":{\"@type\":\"PropertyValueSpecification\",\"valueRequired\":true,\"valueName\":\"search_term_string\"}}],\"inLanguage\":\"es\"}]}<\/script>\n<!-- \/ Yoast SEO plugin. -->","yoast_head_json":{"title":"Inicio - Escuela de Enfermer\u00eda Christus Muguerza-UDEM Monterrey","robots":{"index":"index","follow":"follow","max-snippet":"max-snippet:-1","max-image-preview":"max-image-preview:large","max-video-preview":"max-video-preview:-1"},"canonical":"https:\/\/escuela-de-enfermeria.mx\/monterrey\/","og_locale":"es_MX","og_type":"article","og_title":"Inicio - Escuela de Enfermer\u00eda Christus Muguerza-UDEM Monterrey","og_url":"https:\/\/escuela-de-enfermeria.mx\/monterrey\/","og_site_name":"Escuela de Enfermer\u00eda Christus Muguerza-UDEM Monterrey","article_modified_time":"2026-03-24T17:03:26+00:00","og_image":[{"width":2560,"height":443,"url":"https:\/\/escuela-de-enfermeria.mx\/monterrey\/wp-content\/uploads\/sites\/2\/2026\/01\/acreditaciones-scaled.png","type":"image\/png"}],"twitter_card":"summary_large_image","twitter_misc":{"Tiempo de lectura":"1 minuto"},"schema":{"@context":"https:\/\/schema.org","@graph":[{"@type":"WebPage","@id":"https:\/\/escuela-de-enfermeria.mx\/monterrey\/","url":"https:\/\/escuela-de-enfermeria.mx\/monterrey\/","name":"Inicio - Escuela de Enfermer\u00eda Christus Muguerza-UDEM Monterrey","isPartOf":{"@id":"https:\/\/escuela-de-enfermeria.mx\/monterrey\/#website"},"primaryImageOfPage":{"@id":"https:\/\/escuela-de-enfermeria.mx\/monterrey\/#primaryimage"},"image":{"@id":"https:\/\/escuela-de-enfermeria.mx\/monterrey\/#primaryimage"},"thumbnailUrl":"https:\/\/escuela-de-enfermeria.mx\/monterrey\/wp-content\/uploads\/sites\/2\/2026\/01\/acreditaciones-1024x177.png","datePublished":"2020-09-30T21:37:36+00:00","dateModified":"2026-03-24T17:03:26+00:00","breadcrumb":{"@id":"https:\/\/escuela-de-enfermeria.mx\/monterrey\/#breadcrumb"},"inLanguage":"es","potentialAction":[{"@type":"ReadAction","target":["https:\/\/escuela-de-enfermeria.mx\/monterrey\/"]}]},{"@type":"ImageObject","inLanguage":"es","@id":"https:\/\/escuela-de-enfermeria.mx\/monterrey\/#primaryimage","url":"https:\/\/escuela-de-enfermeria.mx\/monterrey\/wp-content\/uploads\/sites\/2\/2026\/01\/acreditaciones-scaled.png","contentUrl":"https:\/\/escuela-de-enfermeria.mx\/monterrey\/wp-content\/uploads\/sites\/2\/2026\/01\/acreditaciones-scaled.png","width":2560,"height":443},{"@type":"BreadcrumbList","@id":"https:\/\/escuela-de-enfermeria.mx\/monterrey\/#breadcrumb","itemListElement":[{"@type":"ListItem","position":1,"name":"Inicio","item":"https:\/\/escuela-de-enfermeria.mx\/monterrey\/"},{"@type":"ListItem","position":2,"name":"Inicio"}]},{"@type":"WebSite","@id":"https:\/\/escuela-de-enfermeria.mx\/monterrey\/#website","url":"https:\/\/escuela-de-enfermeria.mx\/monterrey\/","name":"Escuela de Enfermer\u00eda Christus Muguerza-UDEM Monterrey","description":"Otro sitio m\u00e1s de Escuela de Enfermer\u00eda Christus Muguerza-UDEM","potentialAction":[{"@type":"SearchAction","target":{"@type":"EntryPoint","urlTemplate":"https:\/\/escuela-de-enfermeria.mx\/monterrey\/?s={search_term_string}"},"query-input":{"@type":"PropertyValueSpecification","valueRequired":true,"valueName":"search_term_string"}}],"inLanguage":"es"}]}},"_links":{"self":[{"href":"https:\/\/escuela-de-enfermeria.mx\/monterrey\/wp-json\/wp\/v2\/pages\/4","targetHints":{"allow":["GET"]}}],"collection":[{"href":"https:\/\/escuela-de-enfermeria.mx\/monterrey\/wp-json\/wp\/v2\/pages"}],"about":[{"href":"https:\/\/escuela-de-enfermeria.mx\/monterrey\/wp-json\/wp\/v2\/types\/page"}],"author":[{"embeddable":true,"href":"https:\/\/escuela-de-enfermeria.mx\/monterrey\/wp-json\/wp\/v2\/users\/1"}],"replies":[{"embeddable":true,"href":"https:\/\/escuela-de-enfermeria.mx\/monterrey\/wp-json\/wp\/v2\/comments?post=4"}],"version-history":[{"count":22,"href":"https:\/\/escuela-de-enfermeria.mx\/monterrey\/wp-json\/wp\/v2\/pages\/4\/revisions"}],"predecessor-version":[{"id":1704,"href":"https:\/\/escuela-de-enfermeria.mx\/monterrey\/wp-json\/wp\/v2\/pages\/4\/revisions\/1704"}],"wp:attachment":[{"href":"https:\/\/escuela-de-enfermeria.mx\/monterrey\/wp-json\/wp\/v2\/media?parent=4"}],"curies":[{"name":"wp","href":"https:\/\/api.w.org\/{rel}","templated":true}]}}